Last updated on 2024-04-20 08:51:09 CEST.
Flavor | Version | Tinstall | Tcheck | Ttotal | Status | Flags |
---|---|---|---|---|---|---|
r-devel-linux-x86_64-debian-clang | 1.2 | 7.52 | 45.37 | 52.89 | OK | |
r-devel-linux-x86_64-debian-gcc | 1.2 | 5.30 | 35.18 | 40.48 | OK | |
r-devel-linux-x86_64-fedora-clang | 1.2 | 71.18 | NOTE | |||
r-devel-linux-x86_64-fedora-gcc | 1.2 | 69.18 | OK | |||
r-prerel-macos-arm64 | 1.2 | 29.00 | NOTE | |||
r-prerel-windows-x86_64 | 1.2 | 6.00 | 49.00 | 55.00 | NOTE | |
r-patched-linux-x86_64 | 1.2 | 7.67 | 44.58 | 52.25 | OK | |
r-release-linux-x86_64 | 1.2 | 7.04 | 44.70 | 51.74 | OK | |
r-release-macos-arm64 | 1.2 | 30.00 | NOTE | |||
r-release-macos-x86_64 | 1.2 | 61.00 | NOTE | |||
r-release-windows-x86_64 | 1.2 | 6.00 | 55.00 | 61.00 | NOTE | |
r-oldrel-macos-arm64 | 1.2 | 30.00 | NOTE | |||
r-oldrel-windows-x86_64 | 1.2 | 9.00 | 61.00 | 70.00 | NOTE |
Version: 1.2
Check: installed package size
Result: NOTE
installed size is 12.2Mb
sub-directories of 1Mb or more:
java 12.0Mb
Flavors: r-devel-linux-x86_64-fedora-clang, r-prerel-macos-arm64, r-prerel-windows-x86_64, r-release-macos-arm64, r-release-macos-x86_64, r-release-windows-x86_64, r-oldrel-macos-arm64, r-oldrel-windows-x86_64