Last updated on 2023-06-10 00:54:55 CEST.
Flavor | Version | Tinstall | Tcheck | Ttotal | Status | Flags |
---|---|---|---|---|---|---|
r-devel-linux-x86_64-debian-clang | 1.6.3 | 471.11 | 36.23 | 507.34 | OK | |
r-devel-linux-x86_64-debian-gcc | 1.6.3 | 351.91 | 29.72 | 381.63 | OK | |
r-devel-linux-x86_64-fedora-clang | 1.6.3 | 849.74 | OK | |||
r-devel-linux-x86_64-fedora-gcc | 1.6.3 | 795.80 | OK | |||
r-devel-windows-x86_64 | 1.6.3 | 335.00 | 95.00 | 430.00 | OK | |
r-patched-linux-x86_64 | 1.6.3 | 382.03 | 37.82 | 419.85 | OK | |
r-release-linux-x86_64 | 1.6.3 | 378.61 | 38.29 | 416.90 | OK | |
r-release-macos-arm64 | 1.6.3 | 146.00 | NOTE | |||
r-release-macos-x86_64 | 1.6.3 | 277.00 | NOTE | |||
r-release-windows-x86_64 | 1.6.3 | 370.00 | 101.00 | 471.00 | OK | |
r-oldrel-macos-arm64 | 1.6.3 | 136.00 | NOTE | |||
r-oldrel-macos-x86_64 | 1.6.3 | 179.00 | NOTE | |||
r-oldrel-windows-x86_64 | 1.6.3 | 464.00 | 95.00 | 559.00 | OK |
Version: 1.6.3
Check: installed package size
Result: NOTE
installed size is 10.8Mb
sub-directories of 1Mb or more:
libs 10.3Mb
Flavors: r-release-macos-arm64, r-release-macos-x86_64, r-oldrel-macos-arm64, r-oldrel-macos-x86_64