CRAN Package Check Results for Package rlas

Last updated on 2021-10-22 04:55:01 CEST.

Flavor Version Tinstall Tcheck Ttotal Status Flags
r-devel-linux-x86_64-debian-clang 1.5.0 407.73 32.72 440.45 OK
r-devel-linux-x86_64-debian-gcc 1.5.0 274.76 27.21 301.97 OK
r-devel-linux-x86_64-fedora-clang 1.5.0 745.70 NOTE
r-devel-linux-x86_64-fedora-gcc 1.5.0 596.72 OK
r-devel-windows-x86_64 1.5.0 571.00 62.00 633.00 OK
r-devel-windows-x86_64-gcc10-UCRT 1.5.0 OK
r-patched-linux-x86_64 1.5.0 353.13 31.88 385.01 OK
r-patched-solaris-x86 1.5.0 473.20 OK
r-release-linux-x86_64 1.5.0 355.92 31.79 387.71 OK
r-release-macos-arm64 1.5.0 NOTE
r-release-macos-x86_64 1.5.0 NOTE
r-release-windows-ix86+x86_64 1.5.0 859.00 103.00 962.00 NOTE
r-oldrel-macos-x86_64 1.5.0 NOTE
r-oldrel-windows-ix86+x86_64 1.5.0 1132.00 101.00 1233.00 NOTE

Check Details

Version: 1.5.0
Check: installed package size
Result: NOTE
     installed size is 9.4Mb
     sub-directories of 1Mb or more:
     libs 9.0Mb
Flavors: r-devel-linux-x86_64-fedora-clang, r-release-macos-arm64, r-release-macos-x86_64, r-release-windows-ix86+x86_64, r-oldrel-macos-x86_64, r-oldrel-windows-ix86+x86_64