CRAN Package Check Results for Package rliger

Last updated on 2021-12-05 08:51:09 CET.

Flavor Version Tinstall Tcheck Ttotal Status Flags
r-devel-linux-x86_64-debian-clang 1.0.0 127.62 220.97 348.59 OK
r-devel-linux-x86_64-debian-gcc 1.0.0 99.77 172.10 271.87 OK
r-devel-linux-x86_64-fedora-clang 1.0.0 479.65 NOTE
r-devel-linux-x86_64-fedora-gcc 1.0.0 469.94 OK
r-devel-windows-x86_64-new-UL 1.0.0 182.00 291.00 473.00 OK
r-devel-windows-x86_64-new-TK 1.0.0 OK
r-devel-windows-x86_64-old 1.0.0 180.00 232.00 412.00 OK
r-patched-linux-x86_64 1.0.0 115.31 203.99 319.30 OK
r-release-linux-x86_64 1.0.0 112.69 213.48 326.17 OK
r-release-macos-arm64 1.0.0 NOTE
r-release-macos-x86_64 1.0.0 NOTE
r-release-windows-ix86+x86_64 1.0.0 327.00 392.00 719.00 OK
r-oldrel-macos-x86_64 1.0.0 NOTE
r-oldrel-windows-ix86+x86_64 1.0.0 326.00 387.00 713.00 OK

Check Details

Version: 1.0.0
Check: installed package size
Result: NOTE
     installed size is 6.3Mb
     sub-directories of 1Mb or more:
     libs 5.7Mb
Flavors: r-devel-linux-x86_64-fedora-clang, r-release-macos-arm64, r-release-macos-x86_64, r-oldrel-macos-x86_64

Version: 1.0.0
Check: package dependencies
Result: NOTE
    Packages suggested but not available for checking:
     'GenomicRanges', 'org.Hs.eg.db', 'reactome.db', 'fgsea'
Flavor: r-release-macos-arm64

Version: 1.0.0
Check: package dependencies
Result: NOTE
    Packages suggested but not available for checking:
     'org.Hs.eg.db', 'reactome.db', 'fgsea'
Flavor: r-release-macos-x86_64

Version: 1.0.0
Check: package dependencies
Result: NOTE
    Packages suggested but not available for checking: 'reactome.db', 'fgsea'
Flavor: r-oldrel-macos-x86_64