Last updated on 2024-03-28 23:55:18 CET.
Flavor | Version | Tinstall | Tcheck | Ttotal | Status | Flags |
---|---|---|---|---|---|---|
r-devel-linux-x86_64-debian-clang | 0.1.16 | 1521.01 | 248.86 | 1769.87 | NOTE | |
r-devel-linux-x86_64-debian-gcc | 0.1.16 | 1448.08 | 283.32 | 1731.40 | NOTE | |
r-devel-linux-x86_64-fedora-clang | 0.1.16 | 2154.88 | NOTE | |||
r-devel-linux-x86_64-fedora-gcc | 0.1.16 | 3119.08 | NOTE | |||
r-devel-windows-x86_64 | 0.1.16 | 1182.00 | 315.00 | 1497.00 | NOTE | |
r-patched-linux-x86_64 | 0.1.16 | 1243.61 | 369.96 | 1613.57 | NOTE | |
r-release-linux-x86_64 | 0.1.16 | 0.01 | 2.01 | 2.02 | ERROR | |
r-release-macos-arm64 | 0.1.16 | 500.00 | NOTE | |||
r-release-macos-x86_64 | 0.1.16 | 496.00 | NOTE | |||
r-release-windows-x86_64 | 0.1.16 | 1505.00 | 384.00 | 1889.00 | NOTE | |
r-oldrel-macos-arm64 | 0.1.16 | 470.00 | NOTE | |||
r-oldrel-windows-x86_64 | 0.1.16 | 1474.00 | 339.00 | 1813.00 | NOTE |
Version: 0.1.16
Check: for GNU extensions in Makefiles
Result: NOTE
GNU make is a SystemRequirements.
Flavors: r-devel-linux-x86_64-debian-clang, r-devel-linux-x86_64-debian-gcc, r-devel-linux-x86_64-fedora-clang, r-devel-linux-x86_64-fedora-gcc, r-devel-windows-x86_64, r-patched-linux-x86_64, r-release-macos-arm64, r-release-macos-x86_64, r-release-windows-x86_64, r-oldrel-macos-arm64, r-oldrel-windows-x86_64
Version: 0.1.16
Check: installed package size
Result: NOTE
installed size is 12.0Mb
sub-directories of 1Mb or more:
libs 11.6Mb
Flavors: r-devel-linux-x86_64-fedora-clang, r-devel-windows-x86_64, r-release-macos-arm64, r-release-macos-x86_64, r-release-windows-x86_64, r-oldrel-macos-arm64, r-oldrel-windows-x86_64
Version: 0.1.16
Check: whether package can be installed
Result: ERROR
Installation failed.
Flavor: r-release-linux-x86_64