Last updated on 2023-09-21 17:55:54 CEST.
Flavor | Version | Tinstall | Tcheck | Ttotal | Status | Flags |
---|---|---|---|---|---|---|
r-devel-linux-x86_64-debian-clang | 0.1.3 | 48.93 | 53.44 | 102.37 | NOTE | |
r-devel-linux-x86_64-debian-gcc | 0.1.3 | 27.25 | 38.23 | 65.48 | NOTE | |
r-devel-linux-x86_64-fedora-clang | 0.1.3 | 135.39 | NOTE | |||
r-devel-linux-x86_64-fedora-gcc | 0.1.3 | 140.21 | NOTE | |||
r-devel-windows-x86_64 | 0.1.3 | 38.00 | 80.00 | 118.00 | NOTE | |
r-patched-linux-x86_64 | 0.1.3 | 42.93 | 48.24 | 91.17 | NOTE | |
r-release-linux-x86_64 | 0.1.3 | 45.35 | 50.60 | 95.95 | NOTE | |
r-release-macos-arm64 | 0.1.3 | 38.00 | NOTE | |||
r-release-macos-x86_64 | 0.1.3 | 60.00 | NOTE | |||
r-release-windows-x86_64 | 0.1.3 | 45.00 | 87.00 | 132.00 | NOTE | |
r-oldrel-macos-arm64 | 0.1.3 | 37.00 | OK | |||
r-oldrel-macos-x86_64 | 0.1.3 | 46.00 | OK | |||
r-oldrel-windows-x86_64 | 0.1.3 | 44.00 | 90.00 | 134.00 | OK |
Version: 0.1.3
Check: C++ specification
Result: NOTE
Specified C++11: please drop specification unless essential
Flavors: r-devel-linux-x86_64-debian-clang, r-devel-linux-x86_64-debian-gcc, r-devel-linux-x86_64-fedora-clang, r-devel-linux-x86_64-fedora-gcc, r-devel-windows-x86_64, r-patched-linux-x86_64, r-release-linux-x86_64, r-release-macos-arm64, r-release-macos-x86_64, r-release-windows-x86_64