Last updated on 2024-05-08 00:49:57 CEST.
Flavor | Version | Tinstall | Tcheck | Ttotal | Status | Flags |
---|---|---|---|---|---|---|
r-devel-linux-x86_64-debian-clang | 0.1.3 | 40.83 | 53.85 | 94.68 | NOTE | |
r-devel-linux-x86_64-debian-gcc | 0.1.3 | 32.71 | 40.45 | 73.16 | NOTE | |
r-devel-linux-x86_64-fedora-clang | 0.1.3 | 139.91 | NOTE | |||
r-devel-linux-x86_64-fedora-gcc | 0.1.3 | 192.39 | NOTE | |||
r-devel-windows-x86_64 | 0.1.3 | 37.00 | 81.00 | 118.00 | NOTE | |
r-patched-linux-x86_64 | 0.1.3 | 42.61 | 51.74 | 94.35 | NOTE | |
r-release-linux-x86_64 | 0.1.3 | 39.24 | 51.71 | 90.95 | NOTE | |
r-release-macos-arm64 | 0.1.3 | 39.00 | NOTE | |||
r-release-windows-x86_64 | 0.1.3 | 38.00 | 81.00 | 119.00 | NOTE | |
r-oldrel-macos-arm64 | 0.1.3 | 38.00 | NOTE | |||
r-oldrel-macos-x86_64 | 0.1.3 | 60.00 | NOTE | |||
r-oldrel-windows-x86_64 | 0.1.3 | 44.00 | 89.00 | 133.00 | NOTE |
Version: 0.1.3
Check: C++ specification
Result: NOTE
Specified C++11: please drop specification unless essential
Flavors: r-devel-linux-x86_64-debian-clang, r-devel-linux-x86_64-debian-gcc, r-devel-linux-x86_64-fedora-clang, r-devel-linux-x86_64-fedora-gcc, r-devel-windows-x86_64, r-patched-linux-x86_64, r-release-linux-x86_64, r-release-macos-arm64, r-release-windows-x86_64, r-oldrel-macos-arm64, r-oldrel-macos-x86_64, r-oldrel-windows-x86_64