CRAN Package Check Results for Package rmarchingcubes

Last updated on 2024-06-17 00:50:09 CEST.

Flavor Version Tinstall Tcheck Ttotal Status Flags
r-devel-linux-x86_64-debian-clang 0.1.3 47.02 53.51 100.53 NOTE
r-devel-linux-x86_64-debian-gcc 0.1.3 30.46 40.62 71.08 NOTE
r-devel-linux-x86_64-fedora-clang 0.1.3 140.43 NOTE
r-devel-linux-x86_64-fedora-gcc 0.1.3 147.23 NOTE
r-devel-windows-x86_64 0.1.3 36.00 80.00 116.00 NOTE
r-patched-linux-x86_64 0.1.3 37.69 51.54 89.23 NOTE
r-release-linux-x86_64 0.1.3 36.00 50.63 86.63 NOTE
r-release-macos-arm64 0.1.3 39.00 NOTE
r-release-macos-x86_64 0.1.3 51.00 NOTE
r-release-windows-x86_64 0.1.3 35.00 83.00 118.00 NOTE
r-oldrel-macos-arm64 0.1.3 38.00 NOTE
r-oldrel-macos-x86_64 0.1.3 60.00 NOTE
r-oldrel-windows-x86_64 0.1.3 44.00 87.00 131.00 NOTE

Check Details

Version: 0.1.3
Check: C++ specification
Result: NOTE Specified C++11: please drop specification unless essential Flavors: r-devel-linux-x86_64-debian-clang, r-devel-linux-x86_64-debian-gcc, r-devel-linux-x86_64-fedora-clang, r-devel-linux-x86_64-fedora-gcc, r-devel-windows-x86_64, r-patched-linux-x86_64, r-release-linux-x86_64, r-release-macos-arm64, r-release-macos-x86_64, r-release-windows-x86_64, r-oldrel-macos-arm64, r-oldrel-macos-x86_64, r-oldrel-windows-x86_64