Last updated on 2024-03-28 15:49:59 CET.
Flavor | Version | Tinstall | Tcheck | Ttotal | Status | Flags |
---|---|---|---|---|---|---|
r-devel-linux-x86_64-debian-clang | 2.26 | 12.76 | 86.71 | 99.47 | OK | |
r-devel-linux-x86_64-debian-gcc | 2.26 | 9.16 | 63.48 | 72.64 | OK | |
r-devel-linux-x86_64-fedora-clang | 2.26 | 128.02 | NOTE | |||
r-devel-linux-x86_64-fedora-gcc | 2.26 | 133.92 | OK | |||
r-devel-windows-x86_64 | 2.26 | 14.00 | 89.00 | 103.00 | NOTE | |
r-patched-linux-x86_64 | 2.26 | 15.08 | 81.89 | 96.97 | OK | |
r-release-linux-x86_64 | 2.26 | 10.80 | 78.33 | 89.13 | OK | |
r-release-macos-arm64 | 2.26 | 52.00 | NOTE | |||
r-release-macos-x86_64 | 2.26 | 82.00 | NOTE | |||
r-release-windows-x86_64 | 2.26 | 16.00 | 104.00 | 120.00 | NOTE | |
r-oldrel-macos-arm64 | 2.26 | 58.00 | NOTE | |||
r-oldrel-windows-x86_64 | 2.26 | 16.00 | 90.00 | 106.00 | NOTE |
Version: 2.26
Check: installed package size
Result: NOTE
installed size is 7.3Mb
sub-directories of 1Mb or more:
rmd 6.2Mb
Flavors: r-devel-linux-x86_64-fedora-clang, r-devel-windows-x86_64, r-release-macos-arm64, r-release-macos-x86_64, r-release-windows-x86_64, r-oldrel-macos-arm64, r-oldrel-windows-x86_64