Last updated on 2023-09-24 00:56:51 CEST.
Flavor | Version | Tinstall | Tcheck | Ttotal | Status | Flags |
---|---|---|---|---|---|---|
r-devel-linux-x86_64-debian-clang | 1.3-9 | 161.87 | 287.25 | 449.12 | NOTE | |
r-devel-linux-x86_64-debian-gcc | 1.3-9 | 126.52 | 211.73 | 338.25 | NOTE | |
r-devel-linux-x86_64-fedora-clang | 1.3-9 | 611.76 | NOTE | |||
r-devel-linux-x86_64-fedora-gcc | 1.3-9 | 614.57 | NOTE | |||
r-devel-windows-x86_64 | 1.3-9 | 119.00 | 242.00 | 361.00 | NOTE | |
r-patched-linux-x86_64 | 1.3-9 | 160.10 | 285.51 | 445.61 | NOTE | |
r-release-linux-x86_64 | 1.3-9 | 132.23 | 289.63 | 421.86 | NOTE | |
r-release-macos-arm64 | 1.3-9 | 139.00 | NOTE | |||
r-release-macos-x86_64 | 1.3-9 | 239.00 | NOTE | |||
r-release-windows-x86_64 | 1.3-9 | 158.00 | 293.00 | 451.00 | NOTE | |
r-oldrel-macos-arm64 | 1.3-9 | 123.00 | NOTE | |||
r-oldrel-macos-x86_64 | 1.3-9 | 216.00 | NOTE | |||
r-oldrel-windows-x86_64 | 1.3-9 | 161.00 | 286.00 | 447.00 | OK |
Version: 1.3-9
Check: Rd files
Result: NOTE
checkRd: (-1) cGARCHfilter-class.Rd:57: Escaped LaTeX specials: \&
checkRd: (-1) cGARCHfit-class.Rd:59: Escaped LaTeX specials: \&
checkRd: (-1) cGARCHsim-class.Rd:52: Escaped LaTeX specials: \&
checkRd: (-1) cGARCHspec-class.Rd:36: Escaped LaTeX specials: \&
checkRd: (-1) cgarchsim-methods.Rd:78: Escaped LaTeX specials: \&
checkRd: (-1) goGARCHfilter-class.Rd:155: Escaped LaTeX specials: \&
checkRd: (-1) goGARCHfit-class.Rd:166: Escaped LaTeX specials: \&
checkRd: (-1) rmgarch-package.Rd:73: Escaped LaTeX specials: \&
Flavors: r-devel-linux-x86_64-debian-clang, r-devel-linux-x86_64-debian-gcc, r-devel-linux-x86_64-fedora-clang, r-devel-linux-x86_64-fedora-gcc, r-devel-windows-x86_64, r-patched-linux-x86_64, r-release-linux-x86_64, r-release-macos-arm64, r-release-macos-x86_64, r-release-windows-x86_64
Version: 1.3-9
Check: installed package size
Result: NOTE
installed size is 10.0Mb
sub-directories of 1Mb or more:
R 3.0Mb
libs 6.0Mb
Flavors: r-release-macos-arm64, r-release-macos-x86_64, r-oldrel-macos-arm64, r-oldrel-macos-x86_64