Last updated on 2023-12-03 08:50:20 CET.
Flavor | Version | Tinstall | Tcheck | Ttotal | Status | Flags |
---|---|---|---|---|---|---|
r-devel-linux-x86_64-debian-clang | 0.0.8 | 72.93 | 77.51 | 150.44 | NOTE | |
r-devel-linux-x86_64-debian-gcc | 0.0.8 | 47.48 | 57.92 | 105.40 | NOTE | |
r-devel-linux-x86_64-fedora-clang | 0.0.8 | 216.41 | NOTE | |||
r-devel-linux-x86_64-fedora-gcc | 0.0.8 | 213.54 | NOTE | |||
r-devel-windows-x86_64 | 0.0.8 | 92.00 | 120.00 | 212.00 | NOTE | |
r-patched-linux-x86_64 | 0.0.8 | 64.09 | 73.73 | 137.82 | NOTE | |
r-release-linux-x86_64 | 0.0.8 | 59.52 | 72.96 | 132.48 | NOTE | |
r-release-macos-arm64 | 0.0.8 | 70.00 | NOTE | |||
r-release-macos-x86_64 | 0.0.8 | 116.00 | NOTE | |||
r-release-windows-x86_64 | 0.0.8 | 96.00 | 125.00 | 221.00 | NOTE | |
r-oldrel-macos-arm64 | 0.0.8 | 56.00 | NOTE | |||
r-oldrel-macos-x86_64 | 0.0.8 | 73.00 | NOTE | |||
r-oldrel-windows-x86_64 | 0.0.8 | 104.00 | 106.00 | 210.00 | NOTE |
Version: 0.0.8
Check: C++ specification
Result: NOTE
Specified C++11: please drop specification unless essential
Flavors: r-devel-linux-x86_64-debian-clang, r-devel-linux-x86_64-debian-gcc, r-devel-linux-x86_64-fedora-clang, r-devel-linux-x86_64-fedora-gcc, r-devel-windows-x86_64, r-patched-linux-x86_64, r-release-linux-x86_64, r-release-macos-arm64, r-release-macos-x86_64, r-release-windows-x86_64
Version: 0.0.8
Check: installed package size
Result: NOTE
installed size is 6.0Mb
sub-directories of 1Mb or more:
minizinc 3.4Mb
Flavors: r-devel-linux-x86_64-fedora-clang, r-devel-windows-x86_64, r-release-macos-arm64, r-release-macos-x86_64, r-release-windows-x86_64, r-oldrel-macos-arm64, r-oldrel-macos-x86_64, r-oldrel-windows-x86_64