Last updated on 2024-04-23 16:58:27 CEST.
Flavor | Version | Tinstall | Tcheck | Ttotal | Status | Flags |
---|---|---|---|---|---|---|
r-devel-linux-x86_64-debian-clang | 0.2.2 | 26.46 | 26.33 | 52.79 | NOTE | |
r-devel-linux-x86_64-debian-gcc | 0.2.2 | 17.36 | 20.70 | 38.06 | NOTE | |
r-devel-linux-x86_64-fedora-clang | 0.2.2 | 72.30 | NOTE | |||
r-devel-linux-x86_64-fedora-gcc | 0.2.2 | 64.19 | NOTE | |||
r-prerel-macos-arm64 | 0.2.2 | 20.00 | NOTE | |||
r-prerel-windows-x86_64 | 0.2.2 | 19.00 | 60.00 | 79.00 | NOTE | |
r-patched-linux-x86_64 | 0.2.2 | 19.43 | 26.34 | 45.77 | NOTE | |
r-release-linux-x86_64 | 0.2.2 | 19.56 | 25.26 | 44.82 | NOTE | |
r-release-macos-arm64 | 0.2.2 | 31.00 | NOTE | |||
r-release-macos-x86_64 | 0.2.2 | 33.00 | NOTE | |||
r-release-windows-x86_64 | 0.2.2 | 19.00 | 69.00 | 88.00 | NOTE | |
r-oldrel-macos-arm64 | 0.2.2 | 23.00 | OK | |||
r-oldrel-windows-x86_64 | 0.2.2 | 24.00 | 65.00 | 89.00 | OK |
Version: 0.2.2
Check: C++ specification
Result: NOTE
Specified C++11: please drop specification unless essential
Flavors: r-devel-linux-x86_64-debian-clang, r-devel-linux-x86_64-debian-gcc, r-devel-linux-x86_64-fedora-clang, r-devel-linux-x86_64-fedora-gcc, r-prerel-macos-arm64, r-prerel-windows-x86_64, r-patched-linux-x86_64, r-release-linux-x86_64, r-release-macos-arm64, r-release-macos-x86_64, r-release-windows-x86_64