CRAN Package Check Results for Package rminqa

Last updated on 2023-06-04 08:57:20 CEST.

Flavor Version Tinstall Tcheck Ttotal Status Flags
r-devel-linux-x86_64-debian-clang 0.2.2 24.69 26.24 50.93 NOTE
r-devel-linux-x86_64-debian-gcc 0.2.2 15.21 21.05 36.26 NOTE
r-devel-linux-x86_64-fedora-clang 0.2.2 71.37 NOTE
r-devel-linux-x86_64-fedora-gcc 0.2.2 64.51 NOTE
r-devel-windows-x86_64 0.2.2 16.00 62.00 78.00 NOTE
r-patched-linux-x86_64 0.2.2 19.51 25.27 44.78 NOTE
r-release-linux-x86_64 0.2.2 16.61 25.42 42.03 NOTE
r-release-macos-arm64 0.2.2 31.00 NOTE
r-release-macos-x86_64 0.2.2 33.00 NOTE
r-release-windows-x86_64 0.2.2 17.00 65.00 82.00 NOTE
r-oldrel-macos-arm64 0.2.2 23.00 OK
r-oldrel-macos-x86_64 0.2.2 31.00 OK
r-oldrel-windows-x86_64 0.2.2 22.00 64.00 86.00 OK

Check Details

Version: 0.2.2
Check: C++ specification
Result: NOTE
     Specified C++11: please drop specification unless essential
Flavors: r-devel-linux-x86_64-debian-clang, r-devel-linux-x86_64-debian-gcc, r-devel-linux-x86_64-fedora-clang, r-devel-linux-x86_64-fedora-gcc, r-devel-windows-x86_64, r-patched-linux-x86_64, r-release-linux-x86_64, r-release-macos-arm64, r-release-macos-x86_64, r-release-windows-x86_64