Last updated on 2023-06-07 17:55:48 CEST.
Flavor | Version | Tinstall | Tcheck | Ttotal | Status | Flags |
---|---|---|---|---|---|---|
r-devel-linux-x86_64-debian-clang | 0.1.0 | 369.19 | 187.03 | 556.22 | NOTE | |
r-devel-linux-x86_64-debian-gcc | 0.1.0 | 360.97 | 160.25 | 521.22 | NOTE | |
r-devel-linux-x86_64-fedora-clang | 0.1.0 | 752.95 | NOTE | |||
r-devel-linux-x86_64-fedora-gcc | 0.1.0 | 953.36 | NOTE | |||
r-devel-windows-x86_64 | 0.1.0 | 300.00 | 191.00 | 491.00 | NOTE | |
r-patched-linux-x86_64 | 0.1.0 | 383.50 | 201.35 | 584.85 | NOTE | |
r-release-linux-x86_64 | 0.1.0 | 360.51 | 199.10 | 559.61 | NOTE | |
r-release-macos-arm64 | 0.1.0 | 220.00 | NOTE | |||
r-release-macos-x86_64 | 0.1.0 | 344.00 | NOTE | |||
r-release-windows-x86_64 | 0.1.0 | 389.00 | 236.00 | 625.00 | NOTE | |
r-oldrel-macos-arm64 | 0.1.0 | 219.00 | NOTE | |||
r-oldrel-macos-x86_64 | 0.1.0 | 324.00 | NOTE | |||
r-oldrel-windows-x86_64 | 0.1.0 | 367.00 | 226.00 | 593.00 | NOTE |
Version: 0.1.0
Check: for GNU extensions in Makefiles
Result: NOTE
GNU make is a SystemRequirements.
Flavors: r-devel-linux-x86_64-debian-clang, r-devel-linux-x86_64-debian-gcc, r-devel-linux-x86_64-fedora-clang, r-devel-linux-x86_64-fedora-gcc, r-devel-windows-x86_64, r-patched-linux-x86_64, r-release-linux-x86_64, r-release-macos-arm64, r-release-macos-x86_64, r-release-windows-x86_64, r-oldrel-macos-arm64, r-oldrel-macos-x86_64, r-oldrel-windows-x86_64
Version: 0.1.0
Check: dependencies in R code
Result: NOTE
Namespaces in Imports field not imported from:
‘RcppParallel’ ‘rstantools’
All declared Imports should be used.
Flavors: r-devel-linux-x86_64-fedora-clang, r-devel-linux-x86_64-fedora-gcc, r-oldrel-macos-arm64, r-oldrel-macos-x86_64
Version: 0.1.0
Check: Rd cross-references
Result: NOTE
Undeclared package ‘coda’ in Rd xrefs
Flavor: r-devel-linux-x86_64-fedora-clang
Version: 0.1.0
Check: installed package size
Result: NOTE
installed size is 54.7Mb
sub-directories of 1Mb or more:
libs 54.1Mb
Flavors: r-release-macos-arm64, r-release-macos-x86_64, r-oldrel-macos-arm64, r-oldrel-macos-x86_64