Last updated on 2024-03-27 23:59:55 CET.
Flavor | Version | Tinstall | Tcheck | Ttotal | Status | Flags |
---|---|---|---|---|---|---|
r-devel-linux-x86_64-debian-clang | 2.4.0 | 8.60 | 64.50 | 73.10 | NOTE | |
r-devel-linux-x86_64-debian-gcc | 2.4.0 | 5.91 | 49.03 | 54.94 | NOTE | |
r-devel-linux-x86_64-fedora-clang | 2.4.0 | 91.13 | NOTE | |||
r-devel-linux-x86_64-fedora-gcc | 2.4.0 | 99.68 | NOTE | |||
r-devel-windows-x86_64 | 2.4.0 | 7.00 | 68.00 | 75.00 | NOTE | |
r-patched-linux-x86_64 | 2.4.0 | 7.33 | 61.52 | 68.85 | OK | |
r-release-linux-x86_64 | 2.4.0 | 4.64 | 61.51 | 66.15 | OK | |
r-release-macos-arm64 | 2.4.0 | 39.00 | OK | |||
r-release-macos-x86_64 | 2.4.0 | 48.00 | OK | |||
r-release-windows-x86_64 | 2.4.0 | 9.00 | 74.00 | 83.00 | OK | |
r-oldrel-macos-arm64 | 2.4.0 | 31.00 | OK | |||
r-oldrel-windows-x86_64 | 2.4.0 | 10.00 | 77.00 | 87.00 | OK |
Version: 2.4.0
Check: Rd files
Result: NOTE
checkRd: (-1) myTarGetClientList.Rd:33: Lost braces
33 | {MyTarget API Documenation}{https://target.my.com/doc/api/detailed/#resource_agency_clients}
| ^
Flavors: r-devel-linux-x86_64-debian-clang, r-devel-linux-x86_64-debian-gcc, r-devel-linux-x86_64-fedora-clang, r-devel-linux-x86_64-fedora-gcc, r-devel-windows-x86_64