CRAN Package Check Results for Package rnassqs

Last updated on 2021-10-22 12:59:27 CEST.

Flavor Version Tinstall Tcheck Ttotal Status Flags
r-devel-linux-x86_64-debian-clang 0.5.0 2.47 25.93 28.40 NOTE
r-devel-linux-x86_64-debian-gcc 0.5.0 1.82 20.50 22.32 NOTE
r-devel-linux-x86_64-fedora-clang 0.5.0 44.88 NOTE
r-devel-linux-x86_64-fedora-gcc 0.5.0 35.22 NOTE
r-devel-windows-x86_64 0.5.0 5.00 38.00 43.00 NOTE
r-devel-windows-x86_64-gcc10-UCRT 0.5.0 NOTE
r-patched-linux-x86_64 0.5.0 2.27 25.17 27.44 NOTE
r-patched-solaris-x86 0.5.0 52.00 NOTE
r-release-linux-x86_64 0.5.0 2.14 25.47 27.61 NOTE
r-release-macos-arm64 0.5.0 NOTE
r-release-macos-x86_64 0.5.0 NOTE
r-release-windows-ix86+x86_64 0.5.0 4.00 47.00 51.00 NOTE
r-oldrel-macos-x86_64 0.5.0 OK
r-oldrel-windows-ix86+x86_64 0.5.0 7.00 47.00 54.00 OK

Check Details

Version: 0.5.0
Check: LazyData
Result: NOTE
     'LazyData' is specified without a 'data' directory
Flavors: r-devel-linux-x86_64-debian-clang, r-devel-linux-x86_64-debian-gcc, r-devel-linux-x86_64-fedora-clang, r-devel-linux-x86_64-fedora-gcc, r-devel-windows-x86_64, r-devel-windows-x86_64-gcc10-UCRT, r-patched-linux-x86_64, r-patched-solaris-x86, r-release-linux-x86_64, r-release-macos-arm64, r-release-macos-x86_64, r-release-windows-ix86+x86_64