Last updated on 2024-04-18 01:03:13 CEST.
Flavor | Version | Tinstall | Tcheck | Ttotal | Status | Flags |
---|---|---|---|---|---|---|
r-devel-linux-x86_64-debian-clang | 0.2.6 | 5.22 | 32.02 | 37.24 | OK | |
r-devel-linux-x86_64-debian-gcc | 0.2.6 | 4.53 | 24.39 | 28.92 | OK | |
r-devel-linux-x86_64-fedora-clang | 0.2.6 | 48.71 | NOTE | |||
r-devel-linux-x86_64-fedora-gcc | 0.2.6 | 59.62 | NOTE | |||
r-prerel-macos-arm64 | 0.2.6 | 29.00 | OK | |||
r-prerel-windows-x86_64 | 0.2.6 | 8.00 | 49.00 | 57.00 | OK | |
r-patched-linux-x86_64 | 0.2.6 | 5.27 | 30.84 | 36.11 | OK | |
r-release-linux-x86_64 | 0.2.6 | 5.44 | 29.12 | 34.56 | OK | |
r-release-macos-arm64 | 0.2.6 | 26.00 | OK | |||
r-release-macos-x86_64 | 0.2.6 | 46.00 | OK | |||
r-release-windows-x86_64 | 0.2.6 | 7.00 | 47.00 | 54.00 | OK | |
r-oldrel-macos-arm64 | 0.2.6 | 23.00 | OK | |||
r-oldrel-windows-x86_64 | 0.2.6 | 9.00 | 54.00 | 63.00 | OK |
Version: 0.2.6
Check: compiled code
Result: NOTE
File ‘rnetcarto/libs/rnetcarto.so’:
Found no calls to: ‘R_registerRoutines’, ‘R_useDynamicSymbols’
It is good practice to register native routines and to disable symbol
search.
See ‘Writing portable packages’ in the ‘Writing R Extensions’ manual.
Flavors: r-devel-linux-x86_64-fedora-clang, r-devel-linux-x86_64-fedora-gcc