Last updated on 2023-06-07 17:55:48 CEST.
Flavor | Version | Tinstall | Tcheck | Ttotal | Status | Flags |
---|---|---|---|---|---|---|
r-devel-linux-x86_64-debian-clang | 0.3.0 | 27.27 | 264.72 | 291.99 | OK | |
r-devel-linux-x86_64-debian-gcc | 0.3.0 | 21.19 | 198.87 | 220.06 | OK | |
r-devel-linux-x86_64-fedora-clang | 0.3.0 | 368.75 | NOTE | |||
r-devel-linux-x86_64-fedora-gcc | 0.3.0 | 373.32 | OK | |||
r-devel-windows-x86_64 | 0.3.0 | 24.00 | 209.00 | 233.00 | OK | |
r-patched-linux-x86_64 | 0.3.0 | 29.53 | 252.96 | 282.49 | OK | |
r-release-linux-x86_64 | 0.3.0 | 22.29 | 253.89 | 276.18 | OK | |
r-release-macos-arm64 | 0.3.0 | 108.00 | OK | |||
r-release-macos-x86_64 | 0.3.0 | 178.00 | OK | |||
r-release-windows-x86_64 | 0.3.0 | 33.00 | 266.00 | 299.00 | OK | |
r-oldrel-macos-arm64 | 0.3.0 | 85.00 | OK | |||
r-oldrel-macos-x86_64 | 0.3.0 | 118.00 | OK | |||
r-oldrel-windows-x86_64 | 0.3.0 | 34.00 | 242.00 | 276.00 | OK |
Version: 0.3.0
Check: Rd cross-references
Result: NOTE
Undeclared package ‘metafor’ in Rd xrefs
Flavor: r-devel-linux-x86_64-fedora-clang