CRAN Package Check Results for Package rnn

Last updated on 2021-09-22 13:07:19 CEST.

Flavor Version Tinstall Tcheck Ttotal Status Flags
r-devel-linux-x86_64-debian-clang 1.4.0 4.85 260.19 265.04 NOTE
r-devel-linux-x86_64-debian-gcc 1.4.0 4.69 170.87 175.56 NOTE
r-devel-linux-x86_64-fedora-clang 1.4.0 300.42 NOTE
r-devel-linux-x86_64-fedora-gcc 1.4.0 285.92 NOTE
r-devel-windows-x86_64 1.4.0 7.00 226.00 233.00 NOTE
r-devel-windows-x86_64-gcc10-UCRT 1.4.0 ERROR
r-patched-linux-x86_64 1.4.0 5.35 237.51 242.86 NOTE
r-patched-solaris-x86 1.4.0 350.10 NOTE
r-release-linux-x86_64 1.4.0 4.50 233.00 237.50 NOTE
r-release-macos-arm64 1.4.0 NOTE
r-release-macos-x86_64 1.4.0 NOTE
r-release-windows-ix86+x86_64 1.4.0 12.00 217.00 229.00 NOTE
r-oldrel-macos-x86_64 1.4.0 OK
r-oldrel-windows-ix86+x86_64 1.4.0 8.00 223.00 231.00 OK

Check Details

Version: 1.4.0
Check: LazyData
Result: NOTE
     'LazyData' is specified without a 'data' directory
Flavors: r-devel-linux-x86_64-debian-clang, r-devel-linux-x86_64-debian-gcc, r-devel-linux-x86_64-fedora-clang, r-devel-linux-x86_64-fedora-gcc, r-devel-windows-x86_64, r-devel-windows-x86_64-gcc10-UCRT, r-patched-linux-x86_64, r-patched-solaris-x86, r-release-linux-x86_64, r-release-macos-arm64, r-release-macos-x86_64, r-release-windows-ix86+x86_64

Version: 1.4.0
Check: PDF version of manual
Result: WARN
    LaTeX errors when creating PDF version.
    This typically indicates Rd problems.
Flavor: r-devel-windows-x86_64-gcc10-UCRT

Version: 1.4.0
Check: PDF version of manual without hyperrefs or index
Result: ERROR
    Re-running with no redirection of stdout/stderr.
Flavor: r-devel-windows-x86_64-gcc10-UCRT