Last updated on 2023-02-01 00:52:47 CET.
Flavor | Version | Tinstall | Tcheck | Ttotal | Status | Flags |
---|---|---|---|---|---|---|
r-devel-linux-x86_64-debian-clang | 1.2.5 | 5.52 | 116.31 | 121.83 | OK | |
r-devel-linux-x86_64-debian-gcc | 1.2.5 | 4.63 | 84.54 | 89.17 | OK | |
r-devel-linux-x86_64-fedora-clang | 1.2.5 | 147.44 | NOTE | |||
r-devel-linux-x86_64-fedora-gcc | 1.2.5 | 175.44 | NOTE | |||
r-devel-windows-x86_64 | 1.2.5 | 43.00 | 189.00 | 232.00 | OK | |
r-patched-linux-x86_64 | 1.2.5 | 4.75 | 107.47 | 112.22 | OK | |
r-release-linux-x86_64 | 1.2.5 | 5.92 | 93.59 | 99.51 | OK | |
r-release-macos-arm64 | 1.2.5 | 81.00 | NOTE | |||
r-release-macos-x86_64 | 1.2.5 | 94.00 | NOTE | |||
r-release-windows-x86_64 | 1.2.5 | 65.00 | 196.00 | 261.00 | OK | |
r-oldrel-macos-arm64 | 1.2.5 | 79.00 | NOTE | |||
r-oldrel-macos-x86_64 | 1.2.5 | 97.00 | NOTE | |||
r-oldrel-windows-ix86+x86_64 | 1.2.5 | 12.00 | 163.00 | 175.00 | OK |
Version: 1.2.5
Check: dependencies in R code
Result: NOTE
Namespace in Imports field not imported from: ‘rgdal’
All declared Imports should be used.
Flavors: r-devel-linux-x86_64-fedora-clang, r-devel-linux-x86_64-fedora-gcc, r-release-macos-arm64, r-release-macos-x86_64, r-oldrel-macos-arm64, r-oldrel-macos-x86_64