Last updated on 2024-04-23 08:58:15 CEST.
Flavor | Version | Tinstall | Tcheck | Ttotal | Status | Flags |
---|---|---|---|---|---|---|
r-devel-linux-x86_64-debian-clang | 0.1.1 | 277.95 | 61.18 | 339.13 | OK | |
r-devel-linux-x86_64-debian-gcc | 0.1.1 | 196.31 | 42.01 | 238.32 | OK | |
r-devel-linux-x86_64-fedora-clang | 0.1.1 | 476.12 | OK | |||
r-devel-linux-x86_64-fedora-gcc | 0.1.1 | 473.88 | OK | |||
r-prerel-macos-arm64 | 0.1.1 | 86.00 | NOTE | |||
r-prerel-macos-x86_64 | 0.1.1 | 115.00 | NOTE | |||
r-prerel-windows-x86_64 | 0.1.1 | 192.00 | 90.00 | 282.00 | OK | |
r-patched-linux-x86_64 | 0.1.1 | 250.47 | 58.06 | 308.53 | OK | |
r-release-linux-x86_64 | 0.1.1 | 253.25 | 58.28 | 311.53 | OK | |
r-release-macos-arm64 | 0.1.1 | 86.00 | NOTE | |||
r-release-macos-x86_64 | 0.1.1 | 113.00 | NOTE | |||
r-release-windows-x86_64 | 0.1.1 | 241.00 | 103.00 | 344.00 | OK | |
r-oldrel-macos-arm64 | 0.1.1 | 86.00 | NOTE | |||
r-oldrel-windows-x86_64 | 0.1.1 | 227.00 | 99.00 | 326.00 | OK |
Version: 0.1.1
Check: installed package size
Result: NOTE
installed size is 8.6Mb
sub-directories of 1Mb or more:
libs 8.1Mb
Flavors: r-prerel-macos-arm64, r-prerel-macos-x86_64, r-release-macos-arm64, r-release-macos-x86_64, r-oldrel-macos-arm64