CRAN Package Check Results for Package robfilter

Last updated on 2022-06-25 00:50:56 CEST.

Flavor Version Tinstall Tcheck Ttotal Status Flags
r-devel-linux-x86_64-debian-clang 4.1.2 20.86 98.47 119.33 NOTE
r-devel-linux-x86_64-debian-gcc 4.1.2 16.65 72.79 89.44 NOTE
r-devel-linux-x86_64-fedora-clang 4.1.2 158.42 NOTE
r-devel-linux-x86_64-fedora-gcc 4.1.2 155.43 NOTE
r-devel-windows-x86_64 4.1.2 69.00 141.00 210.00 NOTE
r-patched-linux-x86_64 4.1.2 19.03 91.60 110.63 OK
r-release-linux-x86_64 4.1.2 17.68 93.39 111.07 OK
r-release-macos-arm64 4.1.2 42.00 OK
r-release-macos-x86_64 4.1.2 54.00 OK
r-release-windows-x86_64 4.1.2 63.00 140.00 203.00 OK
r-oldrel-macos-arm64 4.1.2 47.00 OK
r-oldrel-macos-x86_64 4.1.2 79.00 OK
r-oldrel-windows-ix86+x86_64 4.1.2 52.00 174.00 226.00 OK

Check Details

Version: 4.1.2
Check: Rd files
Result: NOTE
    checkRd: (-1) hybrid.filter.Rd:159: Escaped LaTeX specials: \&
Flavors: r-devel-linux-x86_64-debian-clang, r-devel-linux-x86_64-debian-gcc, r-devel-linux-x86_64-fedora-clang, r-devel-linux-x86_64-fedora-gcc, r-devel-windows-x86_64