Last updated on 2023-12-03 00:56:55 CET.
Flavor | Version | Tinstall | Tcheck | Ttotal | Status | Flags |
---|---|---|---|---|---|---|
r-devel-linux-x86_64-debian-clang | 1.2-3 | 32.73 | 114.22 | 146.95 | OK | |
r-devel-linux-x86_64-debian-gcc | 1.2-3 | 25.14 | 84.91 | 110.05 | OK | |
r-devel-linux-x86_64-fedora-clang | 1.2-3 | 200.70 | OK | |||
r-devel-linux-x86_64-fedora-gcc | 1.2-3 | 190.91 | OK | |||
r-devel-windows-x86_64 | 1.2-3 | 27.00 | 113.00 | 140.00 | OK | |
r-patched-linux-x86_64 | 1.2-3 | 28.13 | 109.33 | 137.46 | OK | |
r-release-linux-x86_64 | 1.2-3 | 28.32 | 109.38 | 137.70 | OK | |
r-release-macos-arm64 | 1.2-3 | 55.00 | OK | |||
r-release-macos-x86_64 | 1.2-3 | 91.00 | NOTE | |||
r-release-windows-x86_64 | 1.2-3 | 35.00 | 141.00 | 176.00 | OK | |
r-oldrel-macos-arm64 | 1.2-3 | 58.00 | OK | |||
r-oldrel-macos-x86_64 | 1.2-3 | 72.00 | OK | |||
r-oldrel-windows-x86_64 | 1.2-3 | 33.00 | 137.00 | 170.00 | OK |
Version: 1.2-3
Check: package dependencies
Result: NOTE
Package suggested but not available for checking: ‘robustbase’
Flavor: r-release-macos-x86_64