CRAN Package Check Results for Package robust

Last updated on 2021-11-27 04:55:56 CET.

Flavor Version Tinstall Tcheck Ttotal Status Flags
r-devel-linux-x86_64-debian-clang 0.6-1 OK
r-devel-linux-x86_64-debian-gcc 0.6-1 18.92 68.02 86.94 OK
r-devel-linux-x86_64-fedora-clang 0.6-1 150.48 OK
r-devel-linux-x86_64-fedora-gcc 0.6-1 137.28 OK
r-devel-windows-x86_64-new-UL 0.6-1 48.00 138.00 186.00 OK
r-devel-windows-x86_64-new-TK 0.6-1 OK
r-devel-windows-x86_64-old 0.6-1 27.00 121.00 148.00 OK
r-patched-linux-x86_64 0.6-1 24.40 87.51 111.91 OK
r-patched-solaris-x86 0.6-1 165.10 ERROR
r-release-linux-x86_64 0.6-1 OK
r-release-macos-arm64 0.6-1 OK
r-release-macos-x86_64 0.6-1 OK
r-release-windows-ix86+x86_64 0.6-1 57.00 110.00 167.00 OK
r-oldrel-macos-x86_64 0.6-1 OK
r-oldrel-windows-ix86+x86_64 0.6-1 59.00 160.00 219.00 OK

Check Details

Version: 0.6-1
Check: examples
Result: ERROR
    Running examples in ‘robust-Ex.R’ failed
    The error most likely occurred in:
    
    > ### Name: plot.fdfm
    > ### Title: fdfm Plot Method
    > ### Aliases: plot.fdfm
    > ### Keywords: hplot
    >
    > ### ** Examples
    >
    > data(los, package = "robustbase")
    > los.fm <- fit.models(c(Robust = "fitdstnRob", MLE = "fitdstn"),
    + x = los, densfun = "gamma")
    
     *** caught segfault ***
    address bab658ca, cause 'memory not mapped'
    
    Traceback:
     1: Tabgamma(b1, b2, alpha1, alpha2, k, A, maxta, maxtc, maxit, til, tol)
     2: gammaRob(x, ...)
     3: fitdstnRob(x = los, densfun = "gamma")
     4: eval(model.call, sys.parent())
     5: eval(model.call, sys.parent())
     6: fit.models(c(Robust = "fitdstnRob", MLE = "fitdstn"), x = los, densfun = "gamma")
    An irrecoverable exception occurred. R is aborting now ...
Flavor: r-patched-solaris-x86