Last updated on 2023-06-02 18:52:55 CEST.
Flavor | Version | Tinstall | Tcheck | Ttotal | Status | Flags |
---|---|---|---|---|---|---|
r-devel-linux-x86_64-debian-clang | 0.1 | 118.60 | 129.73 | 248.33 | NOTE | |
r-devel-linux-x86_64-debian-gcc | 0.1 | 88.28 | 97.37 | 185.65 | NOTE | |
r-devel-linux-x86_64-fedora-clang | 0.1 | 351.65 | NOTE | |||
r-devel-linux-x86_64-fedora-gcc | 0.1 | 331.52 | NOTE | |||
r-devel-windows-x86_64 | 0.1 | 91.00 | 128.00 | 219.00 | NOTE | |
r-patched-linux-x86_64 | 0.1 | NOTE | ||||
r-release-linux-x86_64 | 0.1 | 76.42 | 121.93 | 198.35 | NOTE | |
r-release-macos-arm64 | 0.1 | 83.00 | NOTE | |||
r-release-macos-x86_64 | 0.1 | 141.00 | NOTE | |||
r-release-windows-x86_64 | 0.1 | 112.00 | 156.00 | 268.00 | NOTE | |
r-oldrel-macos-arm64 | 0.1 | 71.00 | OK | |||
r-oldrel-macos-x86_64 | 0.1 | 122.00 | OK | |||
r-oldrel-windows-x86_64 | 0.1 | 112.00 | 152.00 | 264.00 | OK |
Version: 0.1
Check: C++ specification
Result: NOTE
Specified C++11: please drop specification unless essential
Flavors: r-devel-linux-x86_64-debian-clang, r-devel-linux-x86_64-debian-gcc, r-devel-linux-x86_64-fedora-clang, r-devel-linux-x86_64-fedora-gcc, r-devel-windows-x86_64, r-patched-linux-x86_64, r-release-linux-x86_64, r-release-macos-arm64, r-release-macos-x86_64, r-release-windows-x86_64