Last updated on 2022-06-26 12:54:57 CEST.
Flavor | Version | Tinstall | Tcheck | Ttotal | Status | Flags |
---|---|---|---|---|---|---|
r-devel-linux-x86_64-debian-clang | 2.5-1 | 234.18 | 361.98 | 596.16 | OK | |
r-devel-linux-x86_64-debian-gcc | 2.5-1 | 202.20 | 273.09 | 475.29 | OK | |
r-devel-linux-x86_64-fedora-clang | 2.5-1 | 686.60 | NOTE | |||
r-devel-linux-x86_64-fedora-gcc | 2.5-1 | 672.84 | OK | |||
r-devel-windows-x86_64 | 2.5-1 | 222.00 | 441.00 | 663.00 | OK | |
r-patched-linux-x86_64 | 2.5-1 | 229.70 | 343.55 | 573.25 | OK | |
r-release-linux-x86_64 | 2.5-1 | 213.26 | 344.25 | 557.51 | OK | |
r-release-macos-arm64 | 2.5-1 | 205.00 | NOTE | |||
r-release-macos-x86_64 | 2.5-1 | 356.00 | NOTE | |||
r-release-windows-x86_64 | 2.5-1 | 229.00 | 440.00 | 669.00 | OK | |
r-oldrel-macos-arm64 | 2.5-1 | 169.00 | NOTE | |||
r-oldrel-macos-x86_64 | 2.5-1 | 248.00 | NOTE | |||
r-oldrel-windows-ix86+x86_64 | 2.5-1 | 551.00 | 604.00 | 1155.00 | NOTE |
Version: 2.5-1
Check: installed package size
Result: NOTE
installed size is 26.7Mb
sub-directories of 1Mb or more:
libs 25.5Mb
Flavors: r-devel-linux-x86_64-fedora-clang, r-release-macos-arm64, r-release-macos-x86_64, r-oldrel-macos-arm64, r-oldrel-macos-x86_64, r-oldrel-windows-ix86+x86_64