CRAN Package Check Results for Package rollbar

Last updated on 2021-12-02 00:49:22 CET.

Flavor Version Tinstall Tcheck Ttotal Status Flags
r-devel-linux-x86_64-debian-clang 0.1.0 2.02 19.10 21.12 NOTE
r-devel-linux-x86_64-debian-gcc 0.1.0 1.58 15.54 17.12 NOTE
r-devel-linux-x86_64-fedora-clang 0.1.0 36.38 NOTE
r-devel-linux-x86_64-fedora-gcc 0.1.0 26.37 NOTE
r-devel-windows-x86_64-new-UL 0.1.0 7.00 53.00 60.00 NOTE
r-devel-windows-x86_64-new-TK 0.1.0 NOTE
r-devel-windows-x86_64-old 0.1.0 4.00 28.00 32.00 NOTE
r-patched-linux-x86_64 0.1.0 1.93 18.10 20.03 NOTE
r-patched-solaris-x86 0.1.0 40.70 NOTE
r-release-linux-x86_64 0.1.0 1.65 18.19 19.84 NOTE
r-release-macos-arm64 0.1.0 NOTE
r-release-macos-x86_64 0.1.0 NOTE
r-release-windows-ix86+x86_64 0.1.0 5.00 35.00 40.00 NOTE
r-oldrel-macos-x86_64 0.1.0 OK
r-oldrel-windows-ix86+x86_64 0.1.0 5.00 35.00 40.00 OK

Check Details

Version: 0.1.0
Check: LazyData
Result: NOTE
     'LazyData' is specified without a 'data' directory
Flavors: r-devel-linux-x86_64-debian-clang, r-devel-linux-x86_64-debian-gcc, r-devel-linux-x86_64-fedora-clang, r-devel-linux-x86_64-fedora-gcc, r-devel-windows-x86_64-new-UL, r-devel-windows-x86_64-new-TK, r-devel-windows-x86_64-old, r-patched-linux-x86_64, r-patched-solaris-x86, r-release-linux-x86_64, r-release-macos-arm64, r-release-macos-x86_64, r-release-windows-ix86+x86_64