Last updated on 2024-03-28 23:55:18 CET.
Flavor | Version | Tinstall | Tcheck | Ttotal | Status | Flags |
---|---|---|---|---|---|---|
r-devel-linux-x86_64-debian-clang | 0.9.15 | 30.79 | 64.21 | 95.00 | NOTE | |
r-devel-linux-x86_64-debian-gcc | 0.9.15 | 26.05 | 50.40 | 76.45 | NOTE | |
r-devel-linux-x86_64-fedora-clang | 0.9.16 | 139.18 | NOTE | |||
r-devel-linux-x86_64-fedora-gcc | 0.9.16 | 147.70 | NOTE | |||
r-devel-windows-x86_64 | 0.9.15 | 27.00 | 91.00 | 118.00 | NOTE | |
r-patched-linux-x86_64 | 0.9.15 | 31.76 | 62.96 | 94.72 | NOTE | |
r-release-linux-x86_64 | 0.9.15 | 32.96 | 60.50 | 93.46 | NOTE | |
r-release-macos-arm64 | 0.9.16 | 50.00 | NOTE | |||
r-release-macos-x86_64 | 0.9.16 | 110.00 | NOTE | |||
r-release-windows-x86_64 | 0.9.15 | 33.00 | 102.00 | 135.00 | NOTE | |
r-oldrel-macos-arm64 | 0.9.16 | 54.00 | NOTE | |||
r-oldrel-windows-x86_64 | 0.9.15 | 30.00 | 99.00 | 129.00 | NOTE |
Version: 0.9.15
Check: for GNU extensions in Makefiles
Result: NOTE
GNU make is a SystemRequirements.
Flavors: r-devel-linux-x86_64-debian-clang, r-devel-linux-x86_64-debian-gcc, r-devel-windows-x86_64, r-patched-linux-x86_64, r-release-linux-x86_64, r-release-windows-x86_64, r-oldrel-windows-x86_64
Version: 0.9.16
Check: for GNU extensions in Makefiles
Result: NOTE
GNU make is a SystemRequirements.
Flavors: r-devel-linux-x86_64-fedora-clang, r-devel-linux-x86_64-fedora-gcc, r-release-macos-arm64, r-release-macos-x86_64, r-oldrel-macos-arm64