Last updated on 2024-04-19 08:54:53 CEST.
Flavor | Version | Tinstall | Tcheck | Ttotal | Status | Flags |
---|---|---|---|---|---|---|
r-devel-linux-x86_64-debian-clang | 1.0.0 | 1.54 | 61.79 | 63.33 | NOTE | |
r-devel-linux-x86_64-debian-gcc | 1.0.0 | NOTE | ||||
r-devel-linux-x86_64-fedora-clang | 1.0.0 | 77.03 | NOTE | |||
r-devel-linux-x86_64-fedora-gcc | 1.0.0 | 74.29 | NOTE | |||
r-prerel-macos-arm64 | 1.0.0 | 24.00 | NOTE | |||
r-prerel-windows-x86_64 | 1.0.0 | 3.00 | 62.00 | 65.00 | NOTE | |
r-patched-linux-x86_64 | 1.0.0 | 1.74 | 56.50 | 58.24 | NOTE | |
r-release-linux-x86_64 | 1.0.0 | 2.58 | 56.12 | 58.70 | NOTE | |
r-release-macos-arm64 | 1.0.0 | 26.00 | NOTE | |||
r-release-macos-x86_64 | 1.0.0 | 42.00 | NOTE | |||
r-release-windows-x86_64 | 1.0.0 | 3.00 | 74.00 | 77.00 | NOTE | |
r-oldrel-macos-arm64 | 1.0.0 | 25.00 | NOTE | |||
r-oldrel-windows-x86_64 | 1.0.0 | 4.00 | 75.00 | 79.00 | NOTE |
Version: 1.0.0
Check: LazyData
Result: NOTE
'LazyData' is specified without a 'data' directory
Flavors: r-devel-linux-x86_64-debian-clang, r-devel-linux-x86_64-debian-gcc, r-devel-linux-x86_64-fedora-clang, r-devel-linux-x86_64-fedora-gcc, r-prerel-macos-arm64, r-prerel-windows-x86_64, r-patched-linux-x86_64, r-release-linux-x86_64, r-release-macos-arm64, r-release-macos-x86_64, r-release-windows-x86_64, r-oldrel-macos-arm64, r-oldrel-windows-x86_64