Last updated on 2023-06-04 08:57:20 CEST.
Flavor | Version | Tinstall | Tcheck | Ttotal | Status | Flags |
---|---|---|---|---|---|---|
r-devel-linux-x86_64-debian-clang | 1.0.0 | 2.24 | 60.92 | 63.16 | NOTE | |
r-devel-linux-x86_64-debian-gcc | 1.0.0 | 1.98 | 46.10 | 48.08 | NOTE | |
r-devel-linux-x86_64-fedora-clang | 1.0.0 | 77.73 | NOTE | |||
r-devel-linux-x86_64-fedora-gcc | 1.0.0 | 74.21 | NOTE | |||
r-devel-windows-x86_64 | 1.0.0 | 3.00 | 65.00 | 68.00 | NOTE | |
r-patched-linux-x86_64 | 1.0.0 | 2.65 | 58.56 | 61.21 | NOTE | |
r-release-linux-x86_64 | 1.0.0 | 2.14 | 57.54 | 59.68 | NOTE | |
r-release-macos-arm64 | 1.0.0 | 26.00 | NOTE | |||
r-release-macos-x86_64 | 1.0.0 | 42.00 | NOTE | |||
r-release-windows-x86_64 | 1.0.0 | 3.00 | 74.00 | 77.00 | NOTE | |
r-oldrel-macos-arm64 | 1.0.0 | 25.00 | NOTE | |||
r-oldrel-macos-x86_64 | 1.0.0 | 35.00 | NOTE | |||
r-oldrel-windows-x86_64 | 1.0.0 | 3.00 | 80.00 | 83.00 | NOTE |
Version: 1.0.0
Check: LazyData
Result: NOTE
'LazyData' is specified without a 'data' directory
Flavors: r-devel-linux-x86_64-debian-clang, r-devel-linux-x86_64-debian-gcc, r-devel-linux-x86_64-fedora-clang, r-devel-linux-x86_64-fedora-gcc, r-devel-windows-x86_64, r-patched-linux-x86_64, r-release-linux-x86_64, r-release-macos-arm64, r-release-macos-x86_64, r-release-windows-x86_64, r-oldrel-macos-arm64, r-oldrel-macos-x86_64, r-oldrel-windows-x86_64