CRAN Package Check Results for Package romic

Last updated on 2024-06-24 00:50:19 CEST.

Flavor Version Tinstall Tcheck Ttotal Status Flags
r-devel-linux-x86_64-debian-clang 1.1.3 13.75 104.76 118.51 NOTE
r-devel-linux-x86_64-debian-gcc 1.1.3 9.02 78.04 87.06 NOTE
r-devel-linux-x86_64-fedora-clang 1.1.3 150.01 NOTE
r-devel-linux-x86_64-fedora-gcc 1.1.3 162.43 NOTE
r-devel-windows-x86_64 1.1.3 12.00 103.00 115.00 NOTE
r-patched-linux-x86_64 1.1.3 12.03 101.15 113.18 NOTE
r-release-linux-x86_64 1.1.3 8.17 102.86 111.03 NOTE
r-release-macos-arm64 1.1.3 58.00 NOTE
r-release-macos-x86_64 1.1.3 89.00 NOTE
r-release-windows-x86_64 1.1.3 15.00 103.00 118.00 NOTE
r-oldrel-macos-arm64 1.1.3 54.00 OK
r-oldrel-macos-x86_64 1.1.3 109.00 OK
r-oldrel-windows-x86_64 1.1.3 17.00 121.00 138.00 OK

Additional issues

noSuggests

Check Details

Version: 1.1.3
Check: Rd files
Result: NOTE checkRd: (-1) update_tidy_omic.Rd:16-17: Lost braces 16 | in \code{updated_tidy_data} (names) and the table {features, samples, | ^ Flavors: r-devel-linux-x86_64-debian-clang, r-devel-linux-x86_64-debian-gcc, r-devel-linux-x86_64-fedora-clang, r-devel-linux-x86_64-fedora-gcc, r-devel-windows-x86_64, r-patched-linux-x86_64, r-release-linux-x86_64, r-release-macos-arm64, r-release-macos-x86_64, r-release-windows-x86_64