CRAN Package Check Results for Package rotor

Last updated on 2021-10-16 08:50:56 CEST.

Flavor Version Tinstall Tcheck Ttotal Status Flags
r-devel-linux-x86_64-debian-clang 0.3.5 7.20 46.36 53.56 NOTE
r-devel-linux-x86_64-debian-gcc 0.3.5 5.78 35.31 41.09 NOTE
r-devel-linux-x86_64-fedora-clang 0.3.5 74.66 NOTE
r-devel-linux-x86_64-fedora-gcc 0.3.5 65.14 NOTE
r-devel-windows-x86_64 0.3.5 11.00 58.00 69.00 NOTE
r-devel-windows-x86_64-gcc10-UCRT 0.3.5 NOTE
r-patched-linux-x86_64 0.3.5 6.85 43.75 50.60 NOTE
r-patched-solaris-x86 0.3.5 88.30 NOTE
r-release-linux-x86_64 0.3.5 7.12 43.96 51.08 NOTE
r-release-macos-arm64 0.3.5 NOTE
r-release-macos-x86_64 0.3.5 NOTE
r-release-windows-ix86+x86_64 0.3.5 14.00 70.00 84.00 NOTE
r-oldrel-macos-x86_64 0.3.5 OK
r-oldrel-windows-ix86+x86_64 0.3.5 15.00 72.00 87.00 OK

Additional issues

M1mac

Check Details

Version: 0.3.5
Check: LazyData
Result: NOTE
     'LazyData' is specified without a 'data' directory
Flavors: r-devel-linux-x86_64-debian-clang, r-devel-linux-x86_64-debian-gcc, r-devel-linux-x86_64-fedora-clang, r-devel-linux-x86_64-fedora-gcc, r-devel-windows-x86_64, r-devel-windows-x86_64-gcc10-UCRT, r-patched-linux-x86_64, r-patched-solaris-x86, r-release-linux-x86_64, r-release-macos-arm64, r-release-macos-x86_64, r-release-windows-ix86+x86_64