Last updated on 2023-03-24 07:54:51 CET.
Flavor | Version | Tinstall | Tcheck | Ttotal | Status | Flags |
---|---|---|---|---|---|---|
r-devel-linux-x86_64-debian-clang | 3.3.4 | 203.84 | 627.36 | 831.20 | OK | |
r-devel-linux-x86_64-debian-gcc | 3.3.4 | 153.37 | 475.00 | 628.37 | OK | |
r-devel-linux-x86_64-fedora-clang | 3.3.4 | 1055.95 | NOTE | |||
r-devel-linux-x86_64-fedora-gcc | 3.3.4 | 1019.10 | OK | |||
r-patched-linux-x86_64 | 3.3.4 | 171.17 | 588.81 | 759.98 | OK | |
r-release-linux-x86_64 | 3.3.4 | 160.10 | 594.62 | 754.72 | OK | |
r-release-macos-arm64 | 3.3.4 | 230.00 | NOTE | |||
r-release-macos-x86_64 | 3.3.4 | 317.00 | NOTE | |||
r-release-windows-x86_64 | 3.3.4 | 441.00 | 646.00 | 1087.00 | NOTE | |
r-oldrel-macos-arm64 | 3.3.4 | 212.00 | NOTE | |||
r-oldrel-macos-x86_64 | 3.3.4 | 306.00 | NOTE | |||
r-oldrel-windows-ix86+x86_64 | 3.3.4 | 365.00 | 977.00 | 1342.00 | NOTE |
Version: 3.3.4
Check: installed package size
Result: NOTE
installed size is 6.2Mb
sub-directories of 1Mb or more:
R 4.2Mb
libs 1.1Mb
Flavors: r-devel-linux-x86_64-fedora-clang, r-release-macos-arm64, r-release-macos-x86_64, r-release-windows-x86_64, r-oldrel-macos-arm64, r-oldrel-macos-x86_64, r-oldrel-windows-ix86+x86_64