Last updated on 2023-12-01 08:52:03 CET.
Flavor | Version | Tinstall | Tcheck | Ttotal | Status | Flags |
---|---|---|---|---|---|---|
r-devel-linux-x86_64-debian-clang | 4.1.21 | 12.48 | 72.26 | 84.74 | WARN | |
r-devel-linux-x86_64-debian-gcc | 4.1.21 | 9.66 | 54.80 | 64.46 | OK | |
r-devel-linux-x86_64-fedora-clang | 4.1.21 | 109.39 | WARN | |||
r-devel-linux-x86_64-fedora-gcc | 4.1.21 | 116.53 | OK | |||
r-devel-windows-x86_64 | 4.1.21 | 20.00 | 104.00 | 124.00 | OK | |
r-patched-linux-x86_64 | 4.1.21 | 14.32 | 70.35 | 84.67 | OK | |
r-release-linux-x86_64 | 4.1.21 | 13.11 | 70.52 | 83.63 | OK | |
r-release-macos-arm64 | 4.1.21 | 69.00 | OK | |||
r-release-macos-x86_64 | 4.1.21 | 142.00 | OK | |||
r-release-windows-x86_64 | 4.1.21 | 25.00 | 104.00 | 129.00 | OK | |
r-oldrel-macos-arm64 | 4.1.21 | 63.00 | OK | |||
r-oldrel-macos-x86_64 | 4.1.21 | 85.00 | OK | |||
r-oldrel-windows-x86_64 | 4.1.21 | 26.00 | 112.00 | 138.00 | OK |
Version: 4.1.21
Check: whether package can be installed
Result: WARN
Found the following significant warnings:
rpart.c:203:8: warning: format string is not a string literal (potentially insecure) [-Wformat-security]
See ‘/home/hornik/tmp/R.check/r-devel-clang/Work/PKGS/rpart.Rcheck/00install.out’ for details.
* used C compiler: ‘Debian clang version 17.0.5 (1)’
Flavor: r-devel-linux-x86_64-debian-clang
Version: 4.1.21
Check: whether package can be installed
Result: WARN
Found the following significant warnings:
rpart.c:203:8: warning: format string is not a string literal (potentially insecure) [-Wformat-security]
See ‘/data/gannet/ripley/R/packages/tests-clang/rpart.Rcheck/00install.out’ for details.
* used C compiler: ‘clang version 17.0.5’
Flavor: r-devel-linux-x86_64-fedora-clang
Version: 4.1.21
Check: Rd cross-references
Result: NOTE
Undeclared package ‘tree’ in Rd xrefs
Flavor: r-devel-linux-x86_64-fedora-clang