CRAN Package Check Results for Package rpf

Last updated on 2021-06-20 12:50:25 CEST.

Flavor Version Tinstall Tcheck Ttotal Status Flags
r-devel-linux-x86_64-debian-clang 1.0.7 159.15 79.69 238.84 OK
r-devel-linux-x86_64-debian-gcc 1.0.7 105.64 60.57 166.21 OK
r-devel-linux-x86_64-fedora-clang 1.0.7 334.87 NOTE
r-devel-linux-x86_64-fedora-gcc 1.0.7 293.61 OK
r-devel-windows-x86_64 1.0.7 170.00 114.00 284.00 OK
r-devel-windows-x86_64-gcc10-UCRT 1.0.7 OK
r-patched-linux-x86_64 1.0.7 130.39 77.28 207.67 OK
r-patched-solaris-x86 1.0.7 272.80 ERROR
r-release-linux-x86_64 1.0.7 121.04 76.12 197.16 OK
r-release-macos-arm64 1.0.7 NOTE
r-release-macos-x86_64 1.0.7 NOTE
r-release-windows-ix86+x86_64 1.0.7 316.00 147.00 463.00 OK
r-oldrel-macos-x86_64 1.0.7 NOTE
r-oldrel-windows-ix86+x86_64 1.0.7 220.00 153.00 373.00 OK

Check Details

Version: 1.0.7
Check: installed package size
Result: NOTE
     installed size is 21.1Mb
     sub-directories of 1Mb or more:
     libs 20.1Mb
Flavors: r-devel-linux-x86_64-fedora-clang, r-release-macos-arm64, r-release-macos-x86_64, r-oldrel-macos-x86_64

Version: 1.0.7
Check: tests
Result: ERROR
     Running ‘testthat.R’ [15s/17s]
    Running the tests in ‘tests/testthat.R’ failed.
    Complete output:
     > library(testthat)
     > library(rpf)
     Loading required package: parallel
     >
     > test_check("rpf")
     ══ Failed tests ════════════════════════════════════════════════════════════════
     ── Failure (test-weightColumn.R:40:3): EAPscores ───────────────────────────────
     grp1$score[, 1] not equal to grp2$score[, 1].
     547/1000 mismatches (average diff: 3.67)
     [1] -1.238 - 23.3650 == -24.603
     [2] -1.238 - 0.0553 == -1.294
     [3] -1.238 - 0.0553 == -1.294
     [4] -0.719 - -3.1990 == 2.480
     [5] -0.719 - 2.3721 == -3.091
     [6] -0.719 - 6.3538 == -7.073
     [7] -0.719 - 3.7649 == -4.484
     [8] -0.719 - 0.1465 == -0.865
     [9] -0.719 - 0.1465 == -0.865
     ...
    
     [ FAIL 1 | WARN 0 | SKIP 0 | PASS 401 ]
     Error: Test failures
     Execution halted
Flavor: r-patched-solaris-x86