Last updated on 2024-03-28 15:49:59 CET.
Flavor | Version | Tinstall | Tcheck | Ttotal | Status | Flags |
---|---|---|---|---|---|---|
r-devel-linux-x86_64-debian-clang | 1.0.14 | 194.73 | 99.18 | 293.91 | OK | |
r-devel-linux-x86_64-debian-gcc | 1.0.14 | 147.13 | 78.27 | 225.40 | OK | |
r-devel-linux-x86_64-fedora-clang | 1.0.14 | 378.86 | OK | |||
r-devel-linux-x86_64-fedora-gcc | 1.0.14 | 436.15 | OK | |||
r-devel-windows-x86_64 | 1.0.14 | 132.00 | 132.00 | 264.00 | OK | |
r-patched-linux-x86_64 | 1.0.14 | 200.52 | 102.83 | 303.35 | OK | |
r-release-linux-x86_64 | 1.0.14 | 184.31 | 102.20 | 286.51 | OK | |
r-release-macos-arm64 | 1.0.14 | 96.00 | NOTE | |||
r-release-macos-x86_64 | 1.0.14 | 143.00 | NOTE | |||
r-release-windows-x86_64 | 1.0.14 | 168.00 | 150.00 | 318.00 | OK | |
r-oldrel-macos-arm64 | 1.0.14 | 80.00 | NOTE | |||
r-oldrel-windows-x86_64 | 1.0.14 | 156.00 | 129.00 | 285.00 | OK |
Version: 1.0.14
Check: installed package size
Result: NOTE
installed size is 20.6Mb
sub-directories of 1Mb or more:
libs 19.6Mb
Flavors: r-release-macos-arm64, r-release-macos-x86_64, r-oldrel-macos-arm64