CRAN Package Check Results for Package rpinterest

Last updated on 2023-12-08 00:52:07 CET.

Flavor Version Tinstall Tcheck Ttotal Status Flags
r-devel-linux-x86_64-debian-clang 0.3.1 2.03 21.63 23.66 NOTE
r-devel-linux-x86_64-debian-gcc 0.3.1 1.70 17.04 18.74 NOTE
r-devel-linux-x86_64-fedora-clang 0.3.1 31.64 NOTE
r-devel-linux-x86_64-fedora-gcc 0.3.1 29.09 NOTE
r-devel-windows-x86_64 0.3.1 4.00 40.00 44.00 NOTE
r-patched-linux-x86_64 0.3.1 2.46 22.09 24.55 NOTE
r-release-linux-x86_64 0.3.1 2.41 21.61 24.02 NOTE
r-release-macos-arm64 0.3.1 17.00 NOTE
r-release-macos-x86_64 0.3.1 21.00 NOTE
r-release-windows-x86_64 0.3.1 4.00 40.00 44.00 NOTE
r-oldrel-macos-arm64 0.3.1 14.00 NOTE
r-oldrel-macos-x86_64 0.3.1 22.00 NOTE
r-oldrel-windows-x86_64 0.3.1 4.00 43.00 47.00 NOTE

Check Details

Version: 0.3.1
Check: LazyData
Result: NOTE 'LazyData' is specified without a 'data' directory Flavors: r-devel-linux-x86_64-debian-clang, r-devel-linux-x86_64-debian-gcc, r-devel-linux-x86_64-fedora-clang, r-devel-linux-x86_64-fedora-gcc, r-devel-windows-x86_64, r-patched-linux-x86_64, r-release-linux-x86_64, r-release-macos-arm64, r-release-macos-x86_64, r-release-windows-x86_64, r-oldrel-macos-arm64, r-oldrel-macos-x86_64, r-oldrel-windows-x86_64