CRAN Package Check Results for Package rpms

Last updated on 2024-02-25 01:01:16 CET.

Flavor Version Tinstall Tcheck Ttotal Status Flags
r-devel-linux-x86_64-debian-clang 0.5.1 91.26 56.91 148.17 OK
r-devel-linux-x86_64-debian-gcc 0.5.1 73.22 44.20 117.42 OK
r-devel-linux-x86_64-fedora-clang 0.5.1 196.88 OK
r-devel-linux-x86_64-fedora-gcc 0.5.1 213.70 OK
r-devel-windows-x86_64 0.5.1 69.00 92.00 161.00 NOTE
r-patched-linux-x86_64 0.5.1 88.54 56.16 144.70 OK
r-release-linux-x86_64 0.5.1 87.88 55.20 143.08 OK
r-release-macos-arm64 0.5.1 55.00 NOTE
r-release-macos-x86_64 0.5.1 96.00 NOTE
r-release-windows-x86_64 0.5.1 90.00 102.00 192.00 NOTE
r-oldrel-macos-arm64 0.5.1 54.00 NOTE
r-oldrel-windows-x86_64 0.5.1 83.00 98.00 181.00 NOTE

Check Details

Version: 0.5.1
Check: installed package size
Result: NOTE installed size is 5.3Mb sub-directories of 1Mb or more: data 2.3Mb libs 1.4Mb Flavors: r-devel-windows-x86_64, r-release-macos-arm64, r-release-macos-x86_64, r-release-windows-x86_64, r-oldrel-macos-arm64, r-oldrel-windows-x86_64