Last updated on 2024-03-28 15:49:59 CET.
Flavor | Version | Tinstall | Tcheck | Ttotal | Status | Flags |
---|---|---|---|---|---|---|
r-devel-linux-x86_64-debian-clang | 2.1.0 | 1.63 | 30.45 | 32.08 | NOTE | |
r-devel-linux-x86_64-debian-gcc | 2.1.0 | 2.15 | 23.84 | 25.99 | NOTE | |
r-devel-linux-x86_64-fedora-clang | 2.1.0 | 43.00 | NOTE | |||
r-devel-linux-x86_64-fedora-gcc | 2.1.0 | 53.07 | NOTE | |||
r-devel-windows-x86_64 | 2.1.0 | 4.00 | 48.00 | 52.00 | NOTE | |
r-patched-linux-x86_64 | 2.1.0 | 2.03 | 29.54 | 31.57 | NOTE | |
r-release-linux-x86_64 | 2.1.0 | 1.67 | 28.20 | 29.87 | OK | |
r-release-macos-arm64 | 2.1.0 | 25.00 | OK | |||
r-release-macos-x86_64 | 2.1.0 | 35.00 | OK | |||
r-release-windows-x86_64 | 2.1.0 | 5.00 | 48.00 | 53.00 | OK | |
r-oldrel-macos-arm64 | 2.1.0 | 23.00 | OK | |||
r-oldrel-windows-x86_64 | 2.1.0 | 5.00 | 48.00 | 53.00 | OK |
Version: 2.1.0
Check: Rd files
Result: NOTE
checkRd: (-1) lateformeeting.Rd:10: Lost braces in \itemize; meant \describe ?
checkRd: (-1) lateformeeting.Rd:11: Lost braces in \itemize; meant \describe ?
checkRd: (-1) lateformeeting.Rd:12: Lost braces in \itemize; meant \describe ?
checkRd: (-1) lateformeeting.Rd:13: Lost braces in \itemize; meant \describe ?
checkRd: (-1) lfm_clean.Rd:10: Lost braces in \itemize; meant \describe ?
checkRd: (-1) lfm_clean.Rd:11: Lost braces in \itemize; meant \describe ?
checkRd: (-1) lfm_clean.Rd:12: Lost braces in \itemize; meant \describe ?
checkRd: (-1) lfm_clean.Rd:13: Lost braces in \itemize; meant \describe ?
Flavors: r-devel-linux-x86_64-debian-clang, r-devel-linux-x86_64-debian-gcc, r-devel-linux-x86_64-fedora-clang, r-devel-linux-x86_64-fedora-gcc, r-devel-windows-x86_64, r-patched-linux-x86_64