Last updated on 2024-04-19 01:04:52 CEST.
Flavor | Version | Tinstall | Tcheck | Ttotal | Status | Flags |
---|---|---|---|---|---|---|
r-devel-linux-x86_64-debian-clang | 0.2.1 | 6.32 | 60.35 | 66.67 | NOTE | |
r-devel-linux-x86_64-debian-gcc | 0.2.1 | 3.59 | 45.78 | 49.37 | NOTE | |
r-devel-linux-x86_64-fedora-clang | 0.2.1 | 82.91 | NOTE | |||
r-devel-linux-x86_64-fedora-gcc | 0.2.1 | 79.22 | NOTE | |||
r-prerel-macos-arm64 | 0.2.1 | 28.00 | NOTE | |||
r-prerel-windows-x86_64 | 0.2.1 | 8.00 | 65.00 | 73.00 | NOTE | |
r-patched-linux-x86_64 | 0.2.1 | 4.10 | 57.51 | 61.61 | NOTE | |
r-release-linux-x86_64 | 0.2.1 | 5.51 | 57.95 | 63.46 | OK | |
r-release-macos-arm64 | 0.2.1 | 32.00 | OK | |||
r-release-macos-x86_64 | 0.2.1 | 46.00 | OK | |||
r-release-windows-x86_64 | 0.2.1 | 7.00 | 75.00 | 82.00 | OK | |
r-oldrel-macos-arm64 | 0.2.1 | 26.00 | OK | |||
r-oldrel-windows-x86_64 | 0.2.1 | 8.00 | 76.00 | 84.00 | OK |
Version: 0.2.1
Check: Rd files
Result: NOTE
checkRd: (-1) regrad.Rd:46: Lost braces; missing escapes or markup?
46 | \item \code{x-axis} {1st column: The names of the different institutions}
| ^
checkRd: (-1) regrad.Rd:47: Lost braces; missing escapes or markup?
47 | \item \code{y-axis} {2nd column: The value to show completeness}
| ^
Flavors: r-devel-linux-x86_64-debian-clang, r-devel-linux-x86_64-debian-gcc, r-devel-linux-x86_64-fedora-clang, r-devel-linux-x86_64-fedora-gcc, r-prerel-macos-arm64, r-prerel-windows-x86_64, r-patched-linux-x86_64