CRAN Package Check Results for Package rscorecard

Last updated on 2021-10-23 16:49:45 CEST.

Flavor Version Tinstall Tcheck Ttotal Status Flags
r-devel-linux-x86_64-debian-clang 0.20.0 2.70 30.29 32.99 OK
r-devel-linux-x86_64-debian-gcc 0.20.0 2.64 23.88 26.52 OK
r-devel-linux-x86_64-fedora-clang 0.20.0 51.17 NOTE
r-devel-linux-x86_64-fedora-gcc 0.20.0 40.37 NOTE
r-devel-windows-x86_64 0.20.0 6.00 42.00 48.00 OK
r-devel-windows-x86_64-gcc10-UCRT 0.20.0 NOTE
r-patched-linux-x86_64 0.20.0 3.29 29.38 32.67 OK
r-patched-solaris-x86 0.20.0 61.40 NOTE
r-release-linux-x86_64 0.20.0 3.10 29.42 32.52 OK
r-release-macos-arm64 0.20.0 NOTE
r-release-macos-x86_64 0.20.0 NOTE
r-release-windows-ix86+x86_64 0.20.0 5.00 61.00 66.00 OK
r-oldrel-macos-x86_64 0.20.0 NOTE
r-oldrel-windows-ix86+x86_64 0.20.0 7.00 51.00 58.00 OK

Check Details

Version: 0.20.0
Check: dependencies in R code
Result: NOTE
    Namespace in Imports field not imported from: ‘tidyselect’
     All declared Imports should be used.
Flavors: r-devel-linux-x86_64-fedora-clang, r-devel-linux-x86_64-fedora-gcc, r-devel-windows-x86_64-gcc10-UCRT, r-patched-solaris-x86, r-release-macos-arm64, r-release-macos-x86_64, r-oldrel-macos-x86_64