CRAN Package Check Results for Package rsm

Last updated on 2021-12-04 04:52:38 CET.

Flavor Version Tinstall Tcheck Ttotal Status Flags
r-devel-linux-x86_64-debian-clang 2.10.3 5.19 93.28 98.47 OK
r-devel-linux-x86_64-debian-gcc 2.10.3 3.58 68.78 72.36 ERROR
r-devel-linux-x86_64-fedora-clang 2.10.3 136.83 OK
r-devel-linux-x86_64-fedora-gcc 2.10.3 122.83 OK
r-devel-windows-x86_64-new-UL 2.10.3 20.00 206.00 226.00 OK
r-devel-windows-x86_64-new-TK 2.10.3 OK
r-devel-windows-x86_64-old 2.10.3 13.00 110.00 123.00 OK
r-patched-linux-x86_64 2.10.3 5.21 86.75 91.96 OK
r-release-linux-x86_64 2.10.3 5.07 86.37 91.44 OK
r-release-macos-arm64 2.10.3 OK
r-release-macos-x86_64 2.10.3 OK
r-release-windows-ix86+x86_64 2.10.3 19.00 139.00 158.00 OK
r-oldrel-macos-x86_64 2.10.3 OK
r-oldrel-windows-ix86+x86_64 2.10.3 37.00 127.00 164.00 OK

Check Details

Version: 2.10.3
Check: examples
Result: ERROR
    Running examples in ‘rsm-Ex.R’ failed
    The error most likely occurred in:
    
    > base::assign(".ptime", proc.time(), pos = "CheckExEnv")
    > ### Name: coded.data
    > ### Title: Functions for coded data
    > ### Aliases: coded.data as.coded.data decode.data recode.data is.coded.data
    > ### val2code code2val print.coded.data [.coded.data codings
    > ### codings.coded.data codings<- names<-.coded.data truenames
    > ### truenames.coded.data truenames<- truenames<-.coded.data
    > ### Keywords: regression design
    >
    > ### ** Examples
    >
    > library(rsm)
    >
    > ### Existing dataset with variables on actual scale
    > CR <- coded.data (ChemReact, x1 ~ (Time - 85)/5, x2 ~ (Temp - 175)/5)
    > CR # same as print(CR, decode = TRUE)
     Time Temp Block Yield
    1 80.00 170.00 B1 80.5
    2 80.00 180.00 B1 81.5
    3 90.00 170.00 B1 82.0
    4 90.00 180.00 B1 83.5
    5 85.00 175.00 B1 83.9
    6 85.00 175.00 B1 84.3
    7 85.00 175.00 B1 84.0
    8 85.00 175.00 B2 79.7
    9 85.00 175.00 B2 79.8
    10 85.00 175.00 B2 79.5
    11 92.07 175.00 B2 78.4
    12 77.93 175.00 B2 75.6
    13 85.00 182.07 B2 78.5
    14 85.00 167.93 B2 77.0
    
    Data are stored in coded form using these coding formulas ...
    x1 ~ (Time - 85)/5
    x2 ~ (Temp - 175)/5
    > print(CR, decode = FALSE) # similar to as.data.frame(CR)
     x1 x2 Block Yield
    1 -1.000 -1.000 B1 80.5
    2 -1.000 1.000 B1 81.5
    3 1.000 -1.000 B1 82.0
    4 1.000 1.000 B1 83.5
    5 0.000 0.000 B1 83.9
    6 0.000 0.000 B1 84.3
    7 0.000 0.000 B1 84.0
    8 0.000 0.000 B2 79.7
    9 0.000 0.000 B2 79.8
    10 0.000 0.000 B2 79.5
    11 1.414 0.000 B2 78.4
    12 -1.414 0.000 B2 75.6
    13 0.000 1.414 B2 78.5
    14 0.000 -1.414 B2 77.0
    
    Variable codings ...
    x1 ~ (Time - 85)/5
    x2 ~ (Temp - 175)/5
    > code2val (c(x1=.5, x2=-1), codings = codings(CR))
    Error: C stack usage 15938928 is too close to the limit
    Execution halted
Flavor: r-devel-linux-x86_64-debian-gcc

Version: 2.10.3
Check: re-building of vignette outputs
Result: WARN
    Error(s) in re-building vignettes:
     ...
    --- re-building ‘rs-illus.Rtex’ using Sweave
    --- finished re-building ‘rs-illus.Rtex’
    
    --- re-building ‘rsm-plots.Rtex’ using Sweave
    Warning in title(sub = dat$labs[5], ...) :
     "shade" is not a graphical parameter
    --- finished re-building ‘rsm-plots.Rtex’
    
    --- re-building ‘rsm.Rtex’ using Sweave
    
    Error: processing vignette ‘rsm.Rtex’ failed with diagnostics:
     chunk 5
    Error : C stack usage 15943952 is too close to the limit
    
    --- failed re-building ‘rsm.Rtex’
    
    SUMMARY: processing the following file failed:
     ‘rsm.Rtex’
    
    Error: Vignette re-building failed.
    Execution halted
Flavor: r-devel-linux-x86_64-debian-gcc