CRAN Package Check Results for Package rstan

Last updated on 2021-09-22 13:07:20 CEST.

Flavor Version Tinstall Tcheck Ttotal Status Flags
r-devel-linux-x86_64-debian-clang 2.21.2 803.73 394.03 1197.76 NOTE
r-devel-linux-x86_64-debian-gcc 2.21.2 716.02 297.60 1013.62 NOTE
r-devel-linux-x86_64-fedora-clang 2.21.2 1571.65 NOTE
r-devel-linux-x86_64-fedora-gcc 2.21.2 1850.82 NOTE
r-devel-windows-x86_64 2.21.2 731.00 409.00 1140.00 NOTE
r-devel-windows-x86_64-gcc10-UCRT 2.21.2 ERROR
r-patched-linux-x86_64 2.21.2 824.06 461.81 1285.87 NOTE
r-patched-solaris-x86 2.21.2 1727.50 NOTE
r-release-linux-x86_64 2.21.2 829.19 462.32 1291.51 NOTE
r-release-macos-arm64 2.21.2 FAIL
r-release-macos-x86_64 2.21.2 NOTE
r-release-windows-ix86+x86_64 2.21.2 1903.00 478.00 2381.00 NOTE
r-oldrel-macos-x86_64 2.21.2 NOTE
r-oldrel-windows-ix86+x86_64 2.21.2 1383.00 472.00 1855.00 NOTE

Check Details

Version: 2.21.2
Check: for GNU extensions in Makefiles
Result: NOTE
    GNU make is a SystemRequirements.
Flavors: r-devel-linux-x86_64-debian-clang, r-devel-linux-x86_64-debian-gcc, r-devel-linux-x86_64-fedora-clang, r-devel-linux-x86_64-fedora-gcc, r-devel-windows-x86_64, r-patched-linux-x86_64, r-patched-solaris-x86, r-release-linux-x86_64, r-release-windows-ix86+x86_64, r-oldrel-windows-ix86+x86_64

Version: 2.21.2
Check: installed package size
Result: NOTE
     installed size is 193.9Mb
     sub-directories of 1Mb or more:
     lib 27.7Mb
     libs 163.4Mb
Flavors: r-devel-linux-x86_64-fedora-clang, r-devel-windows-x86_64, r-patched-solaris-x86, r-release-macos-arm64, r-release-macos-x86_64, r-release-windows-ix86+x86_64, r-oldrel-macos-x86_64, r-oldrel-windows-ix86+x86_64

Version: 2.21.2
Check: Rd cross-references
Result: NOTE
    Undeclared packages ‘coda’, ‘rstanarm’ in Rd xrefs
Flavor: r-devel-linux-x86_64-fedora-clang

Version: 2.21.2
Check: package dependencies
Result: ERROR
    Packages required but not available: 'StanHeaders', 'RcppParallel'
    
    Packages suggested but not available for checking:
     'shinystan', 'rstantools'
    
    See section 'The DESCRIPTION file' in the 'Writing R Extensions'
    manual.
Flavor: r-devel-windows-x86_64-gcc10-UCRT

Version: 2.21.2
Check: whether the namespace can be unloaded cleanly
Result: FAIL
Flavor: r-release-macos-arm64