Last updated on 2023-06-08 01:02:39 CEST.
Flavor | Version | Tinstall | Tcheck | Ttotal | Status | Flags |
---|---|---|---|---|---|---|
r-devel-linux-x86_64-debian-clang | 0.1.4 | 146.94 | 166.53 | 313.47 | NOTE | |
r-devel-linux-x86_64-debian-gcc | 0.1.4 | 127.33 | 130.89 | 258.22 | NOTE | |
r-devel-linux-x86_64-fedora-clang | 0.1.4 | 399.90 | NOTE | |||
r-devel-linux-x86_64-fedora-gcc | 0.1.4 | 452.54 | NOTE | |||
r-devel-windows-x86_64 | 0.1.4 | 124.00 | 172.00 | 296.00 | NOTE | |
r-patched-linux-x86_64 | 0.1.4 | 105.74 | 166.12 | 271.86 | NOTE | |
r-release-linux-x86_64 | 0.1.4 | 96.18 | 168.00 | 264.18 | NOTE | |
r-release-macos-arm64 | 0.1.4 | 125.00 | NOTE | |||
r-release-macos-x86_64 | 0.1.4 | 205.00 | NOTE | |||
r-release-windows-x86_64 | 0.1.4 | 151.00 | 211.00 | 362.00 | NOTE | |
r-oldrel-macos-arm64 | 0.1.4 | 91.00 | NOTE | |||
r-oldrel-macos-x86_64 | 0.1.4 | 153.00 | NOTE | |||
r-oldrel-windows-x86_64 | 0.1.4 | 135.00 | 212.00 | 347.00 | NOTE |
Version: 0.1.4
Check: for GNU extensions in Makefiles
Result: NOTE
GNU make is a SystemRequirements.
Flavors: r-devel-linux-x86_64-debian-clang, r-devel-linux-x86_64-debian-gcc, r-devel-linux-x86_64-fedora-clang, r-devel-linux-x86_64-fedora-gcc, r-devel-windows-x86_64, r-patched-linux-x86_64, r-release-linux-x86_64, r-release-macos-arm64, r-release-macos-x86_64, r-release-windows-x86_64, r-oldrel-macos-arm64, r-oldrel-macos-x86_64, r-oldrel-windows-x86_64
Version: 0.1.4
Check: installed package size
Result: NOTE
installed size is 35.5Mb
sub-directories of 1Mb or more:
libs 34.9Mb
Flavors: r-release-macos-arm64, r-release-macos-x86_64, r-oldrel-macos-arm64, r-oldrel-macos-x86_64