Last updated on 2024-04-24 00:55:57 CEST.
Flavor | Version | Tinstall | Tcheck | Ttotal | Status | Flags |
---|---|---|---|---|---|---|
r-devel-linux-x86_64-debian-clang | 9.3.3.1 | 286.42 | 41.56 | 327.98 | NOTE | |
r-devel-linux-x86_64-debian-gcc | 9.3.3.1 | 251.11 | 32.49 | 283.60 | NOTE | |
r-devel-linux-x86_64-fedora-clang | 9.3.3.1 | 451.70 | NOTE | |||
r-devel-linux-x86_64-fedora-gcc | 9.3.3.1 | 534.81 | NOTE | |||
r-prerel-macos-arm64 | 9.3.3.1 | 184.00 | NOTE | |||
r-prerel-macos-x86_64 | 9.3.3.1 | 332.00 | NOTE | |||
r-prerel-windows-x86_64 | 9.3.3.1 | 868.00 | 78.00 | 946.00 | NOTE | |
r-patched-linux-x86_64 | 9.3.3.1 | 290.91 | 41.29 | 332.20 | NOTE | |
r-release-linux-x86_64 | 9.3.3.1 | 284.29 | 41.16 | 325.45 | NOTE | |
r-release-macos-arm64 | 9.3.3.1 | 187.00 | NOTE | |||
r-release-macos-x86_64 | 9.3.3.1 | 331.00 | NOTE | |||
r-release-windows-x86_64 | 9.3.3.1 | 907.00 | 82.00 | 989.00 | NOTE | |
r-oldrel-macos-arm64 | 9.3.3.1 | 190.00 | NOTE | |||
r-oldrel-windows-x86_64 | 9.3.3.1 | 1050.00 | 84.00 | 1134.00 | NOTE |
Version: 9.3.3.1
Check: for GNU extensions in Makefiles
Result: NOTE
GNU make is a SystemRequirements.
Flavors: r-devel-linux-x86_64-debian-clang, r-devel-linux-x86_64-debian-gcc, r-devel-linux-x86_64-fedora-clang, r-devel-linux-x86_64-fedora-gcc, r-prerel-macos-arm64, r-prerel-macos-x86_64, r-prerel-windows-x86_64, r-patched-linux-x86_64, r-release-linux-x86_64, r-release-macos-arm64, r-release-macos-x86_64, r-release-windows-x86_64, r-oldrel-macos-arm64, r-oldrel-windows-x86_64
Version: 9.3.3.1
Check: installed package size
Result: NOTE
installed size is 17.7Mb
sub-directories of 1Mb or more:
swipl 17.3Mb
Flavors: r-devel-linux-x86_64-fedora-clang, r-prerel-macos-arm64, r-prerel-macos-x86_64, r-prerel-windows-x86_64, r-release-macos-arm64, r-release-macos-x86_64, r-release-windows-x86_64, r-oldrel-macos-arm64, r-oldrel-windows-x86_64