Last updated on 2023-12-03 00:56:56 CET.
Flavor | Version | Tinstall | Tcheck | Ttotal | Status | Flags |
---|---|---|---|---|---|---|
r-devel-linux-x86_64-debian-clang | 9.1.17.1 | 279.11 | 41.52 | 320.63 | NOTE | |
r-devel-linux-x86_64-debian-gcc | 9.1.17.1 | 234.43 | 32.03 | 266.46 | NOTE | |
r-devel-linux-x86_64-fedora-clang | 9.1.17.1 | 476.29 | NOTE | |||
r-devel-linux-x86_64-fedora-gcc | 9.1.17.1 | 477.39 | NOTE | |||
r-devel-windows-x86_64 | 9.1.17.1 | 807.00 | 80.00 | 887.00 | NOTE | |
r-patched-linux-x86_64 | 9.1.17.1 | 273.73 | 40.97 | 314.70 | NOTE | |
r-release-linux-x86_64 | 9.1.17.1 | 270.51 | 40.73 | 311.24 | NOTE | |
r-release-macos-arm64 | 9.1.17.1 | 214.00 | NOTE | |||
r-release-macos-x86_64 | 9.1.17.1 | 321.00 | NOTE | |||
r-release-windows-x86_64 | 9.1.17.1 | 969.00 | 81.00 | 1050.00 | NOTE | |
r-oldrel-macos-arm64 | 9.1.17.1 | 224.00 | NOTE | |||
r-oldrel-macos-x86_64 | 9.1.17 | 263.00 | NOTE | |||
r-oldrel-windows-x86_64 | 9.1.17.1 | 1070.00 | 82.00 | 1152.00 | NOTE |
Version: 9.1.17.1
Check: for GNU extensions in Makefiles
Result: NOTE
GNU make is a SystemRequirements.
Flavors: r-devel-linux-x86_64-debian-clang, r-devel-linux-x86_64-debian-gcc, r-devel-linux-x86_64-fedora-clang, r-devel-linux-x86_64-fedora-gcc, r-devel-windows-x86_64, r-patched-linux-x86_64, r-release-linux-x86_64, r-release-macos-arm64, r-release-macos-x86_64, r-release-windows-x86_64, r-oldrel-macos-arm64, r-oldrel-windows-x86_64
Version: 9.1.17.1
Check: installed package size
Result: NOTE
installed size is 17.4Mb
sub-directories of 1Mb or more:
swipl 17.0Mb
Flavors: r-devel-linux-x86_64-fedora-clang, r-devel-windows-x86_64, r-release-macos-arm64, r-release-macos-x86_64, r-release-windows-x86_64, r-oldrel-macos-arm64, r-oldrel-windows-x86_64
Version: 9.1.17
Check: installed package size
Result: NOTE
installed size is 23.7Mb
sub-directories of 1Mb or more:
libs 2.0Mb
swipl 21.6Mb
Flavor: r-oldrel-macos-x86_64
Version: 9.1.17
Check: for GNU extensions in Makefiles
Result: NOTE
GNU make is a SystemRequirements.
Flavor: r-oldrel-macos-x86_64