CRAN Package Check Results for Package rtables

Last updated on 2021-10-28 08:50:08 CEST.

Flavor Version Tinstall Tcheck Ttotal Status Flags
r-devel-linux-x86_64-debian-clang 0.4.0 26.89 246.35 273.24 OK
r-devel-linux-x86_64-debian-gcc 0.4.0 20.90 176.39 197.29 OK
r-devel-linux-x86_64-fedora-clang 0.4.0 325.44 NOTE
r-devel-linux-x86_64-fedora-gcc 0.4.0 320.52 OK
r-devel-windows-x86_64 0.4.0 44.00 234.00 278.00 NOTE
r-devel-windows-x86_64-gcc10-UCRT 0.4.0 OK
r-patched-linux-x86_64 0.4.0 25.65 248.84 274.49 OK
r-patched-solaris-x86 0.4.0 327.50 NOTE
r-release-linux-x86_64 0.4.0 24.27 251.85 276.12 OK
r-release-macos-arm64 0.4.0 NOTE
r-release-macos-x86_64 0.4.0 NOTE
r-release-windows-ix86+x86_64 0.4.0 34.00 316.00 350.00 NOTE
r-oldrel-macos-x86_64 0.4.0 NOTE
r-oldrel-windows-ix86+x86_64 0.4.0 37.00 312.00 349.00 NOTE

Check Details

Version: 0.4.0
Check: installed package size
Result: NOTE
     installed size is 6.2Mb
     sub-directories of 1Mb or more:
     R 1.2Mb
     bootstrap 1.6Mb
     data 2.2Mb
Flavors: r-devel-linux-x86_64-fedora-clang, r-devel-windows-x86_64, r-patched-solaris-x86, r-release-macos-arm64, r-release-macos-x86_64, r-release-windows-ix86+x86_64, r-oldrel-macos-x86_64, r-oldrel-windows-ix86+x86_64