CRAN Package Check Results for Package rtemps

Last updated on 2024-02-22 16:49:27 CET.

Flavor Version Tinstall Tcheck Ttotal Status Flags
r-devel-linux-x86_64-debian-clang 0.8.0 NOTE
r-devel-linux-x86_64-debian-gcc 0.8.0 1.79 17.77 19.56 NOTE
r-devel-linux-x86_64-fedora-clang 0.8.0 31.42 NOTE
r-devel-linux-x86_64-fedora-gcc 0.8.0 31.79 NOTE
r-devel-windows-x86_64 0.8.0 3.00 45.00 48.00 NOTE
r-patched-linux-x86_64 0.8.0 1.41 22.25 23.66 NOTE
r-release-linux-x86_64 0.8.0 1.41 22.20 23.61 NOTE
r-release-macos-arm64 0.8.0 15.00 NOTE
r-release-macos-x86_64 0.8.0 21.00 NOTE
r-release-windows-x86_64 0.8.0 5.00 42.00 47.00 NOTE
r-oldrel-macos-arm64 0.8.0 16.00 NOTE
r-oldrel-windows-x86_64 0.8.0 5.00 46.00 51.00 NOTE

Check Details

Version: 0.8.0
Check: LazyData
Result: NOTE 'LazyData' is specified without a 'data' directory Flavors: r-devel-linux-x86_64-debian-clang, r-devel-linux-x86_64-debian-gcc, r-devel-linux-x86_64-fedora-clang, r-devel-linux-x86_64-fedora-gcc, r-devel-windows-x86_64, r-patched-linux-x86_64, r-release-linux-x86_64, r-release-macos-arm64, r-release-macos-x86_64, r-release-windows-x86_64, r-oldrel-macos-arm64, r-oldrel-windows-x86_64