Last updated on 2024-08-08 08:49:27 CEST.
Flavor | Version | Tinstall | Tcheck | Ttotal | Status | Flags |
---|---|---|---|---|---|---|
r-devel-linux-x86_64-debian-clang | 0.4-14.1 | 2.40 | 39.90 | 42.30 | NOTE | |
r-devel-linux-x86_64-debian-gcc | 0.4-14.1 | 2.13 | 31.35 | 33.48 | NOTE | |
r-devel-linux-x86_64-fedora-clang | 0.4-14.1 | 69.60 | NOTE | |||
r-devel-linux-x86_64-fedora-gcc | 0.4-14.1 | 80.19 | NOTE | |||
r-devel-windows-x86_64 | 0.4-14.1 | 3.00 | 73.00 | 76.00 | OK | |
r-patched-linux-x86_64 | 0.4-14.1 | 2.90 | 39.50 | 42.40 | NOTE | |
r-release-linux-x86_64 | 0.4-14.1 | 2.51 | 39.37 | 41.88 | NOTE | |
r-release-macos-arm64 | 0.4-14.1 | 30.00 | OK | |||
r-release-macos-x86_64 | 0.4-14.1 | 56.00 | OK | |||
r-release-windows-x86_64 | 0.4-14.1 | 6.00 | 72.00 | 78.00 | OK | |
r-oldrel-macos-arm64 | 0.4-14.1 | 33.00 | OK | |||
r-oldrel-macos-x86_64 | 0.4-14.1 | 56.00 | OK | |||
r-oldrel-windows-x86_64 | 0.4-14.1 | 3.00 | 75.00 | 78.00 | OK |
Version: 0.4-14.1
Check: for non-standard things in the check directory
Result: NOTE
Found the following files/directories:
‘test_addPageBreak.doc’ ‘test_addPlot.doc’ ‘test_addSessionInfo.doc’
‘test_addTable.doc’
Flavors: r-devel-linux-x86_64-debian-clang, r-devel-linux-x86_64-debian-gcc, r-devel-linux-x86_64-fedora-clang, r-devel-linux-x86_64-fedora-gcc, r-patched-linux-x86_64, r-release-linux-x86_64