Last updated on 2024-03-28 23:55:19 CET.
Flavor | Version | Tinstall | Tcheck | Ttotal | Status | Flags |
---|---|---|---|---|---|---|
r-devel-linux-x86_64-debian-clang | 5.0.0 | 8.29 | 207.13 | 215.42 | OK | |
r-devel-linux-x86_64-debian-gcc | 5.0.0 | 6.07 | 151.57 | 157.64 | OK | |
r-devel-linux-x86_64-fedora-clang | 5.0.0 | 276.78 | NOTE | |||
r-devel-linux-x86_64-fedora-gcc | 5.0.0 | 302.30 | NOTE | |||
r-devel-windows-x86_64 | 5.0.0 | 9.00 | 195.00 | 204.00 | OK | |
r-patched-linux-x86_64 | 5.0.0 | 10.46 | 197.87 | 208.33 | OK | |
r-release-linux-x86_64 | 5.0.0 | 6.55 | 192.80 | 199.35 | OK | |
r-release-macos-arm64 | 5.0.0 | 99.00 | OK | |||
r-release-macos-x86_64 | 5.0.0 | 153.00 | OK | |||
r-release-windows-x86_64 | 5.0.0 | 11.00 | 224.00 | 235.00 | OK | |
r-oldrel-macos-arm64 | 5.0.0 | 85.00 | NOTE | |||
r-oldrel-windows-x86_64 | 5.0.0 | 13.00 | 222.00 | 235.00 | OK |
Version: 5.0.0
Check: dependencies in R code
Result: NOTE
Namespaces in Imports field not imported from:
‘DescTools’ ‘MASS’ ‘gridExtra’
All declared Imports should be used.
Flavors: r-devel-linux-x86_64-fedora-clang, r-devel-linux-x86_64-fedora-gcc, r-oldrel-macos-arm64