Last updated on 2024-03-28 23:55:19 CET.
Flavor | Version | Tinstall | Tcheck | Ttotal | Status | Flags |
---|---|---|---|---|---|---|
r-devel-linux-x86_64-debian-clang | 1.5-1 | 90.70 | 377.49 | 468.19 | OK | |
r-devel-linux-x86_64-debian-gcc | 1.5-1 | 83.40 | 260.30 | 343.70 | OK | |
r-devel-linux-x86_64-fedora-clang | 1.5-1 | 576.91 | NOTE | |||
r-devel-linux-x86_64-fedora-gcc | 1.5-1 | 579.50 | OK | |||
r-devel-windows-x86_64 | 1.5-1 | 87.00 | 269.00 | 356.00 | NOTE | |
r-patched-linux-x86_64 | 1.5-1 | 89.31 | 356.87 | 446.18 | OK | |
r-release-linux-x86_64 | 1.5-1 | 79.05 | 352.87 | 431.92 | OK | |
r-release-macos-arm64 | 1.5-1 | 132.00 | NOTE | |||
r-release-macos-x86_64 | 1.5-1 | 370.00 | NOTE | |||
r-release-windows-x86_64 | 1.5-1 | 117.00 | 352.00 | 469.00 | NOTE | |
r-oldrel-macos-arm64 | 1.5-1 | 128.00 | NOTE | |||
r-oldrel-windows-x86_64 | 1.5-1 | 116.00 | 333.00 | 449.00 | NOTE |
Version: 1.5-1
Check: installed package size
Result: NOTE
installed size is 7.5Mb
sub-directories of 1Mb or more:
R 3.0Mb
libs 2.1Mb
Flavors: r-devel-linux-x86_64-fedora-clang, r-devel-windows-x86_64, r-release-macos-arm64, r-release-macos-x86_64, r-release-windows-x86_64, r-oldrel-macos-arm64, r-oldrel-windows-x86_64