Last updated on 2024-04-19 01:04:52 CEST.
Flavor | Version | Tinstall | Tcheck | Ttotal | Status | Flags |
---|---|---|---|---|---|---|
r-devel-linux-x86_64-debian-clang | 0.1.1 | 5.22 | 72.79 | 78.01 | NOTE | |
r-devel-linux-x86_64-debian-gcc | 0.1.1 | 3.39 | 51.59 | 54.98 | NOTE | |
r-devel-linux-x86_64-fedora-clang | 0.1.1 | 93.77 | NOTE | |||
r-devel-linux-x86_64-fedora-gcc | 0.1.1 | 102.65 | NOTE | |||
r-prerel-macos-arm64 | 0.1.1 | 33.00 | NOTE | |||
r-prerel-windows-x86_64 | 0.1.1 | 5.00 | 72.00 | 77.00 | NOTE | |
r-patched-linux-x86_64 | 0.1.1 | 9.64 | 68.38 | 78.02 | NOTE | |
r-release-linux-x86_64 | 0.1.1 | 3.85 | 65.88 | 69.73 | NOTE | |
r-release-macos-arm64 | 0.1.1 | 34.00 | NOTE | |||
r-release-macos-x86_64 | 0.1.1 | 55.00 | NOTE | |||
r-release-windows-x86_64 | 0.1.1 | 5.00 | 83.00 | 88.00 | NOTE | |
r-oldrel-macos-arm64 | 0.1.1 | 27.00 | NOTE | |||
r-oldrel-windows-x86_64 | 0.1.1 | 6.00 | 82.00 | 88.00 | NOTE |
Version: 0.1.1
Check: LazyData
Result: NOTE
'LazyData' is specified without a 'data' directory
Flavors: r-devel-linux-x86_64-debian-clang, r-devel-linux-x86_64-debian-gcc, r-devel-linux-x86_64-fedora-clang, r-devel-linux-x86_64-fedora-gcc, r-prerel-macos-arm64, r-prerel-windows-x86_64, r-patched-linux-x86_64, r-release-linux-x86_64, r-release-macos-arm64, r-release-macos-x86_64, r-release-windows-x86_64, r-oldrel-macos-arm64, r-oldrel-windows-x86_64