CRAN Package Check Results for Package rusk

Last updated on 2024-05-20 00:52:09 CEST.

Flavor Version Tinstall Tcheck Ttotal Status Flags
r-devel-linux-x86_64-debian-clang 0.1.1 4.40 55.00 59.40 NOTE
r-devel-linux-x86_64-debian-gcc 0.1.1 5.23 41.93 47.16 NOTE
r-devel-linux-x86_64-fedora-clang 0.1.1 78.90 NOTE
r-devel-linux-x86_64-fedora-gcc 0.1.1 120.74 NOTE
r-devel-windows-x86_64 0.1.1 7.00 59.00 66.00 NOTE
r-patched-linux-x86_64 0.1.1 5.42 52.24 57.66 NOTE
r-release-linux-x86_64 0.1.1 4.02 53.41 57.43 NOTE
r-release-macos-arm64 0.1.1 27.00 NOTE
r-release-windows-x86_64 0.1.1 9.00 61.00 70.00 NOTE
r-oldrel-macos-arm64 0.1.1 25.00 NOTE
r-oldrel-macos-x86_64 0.1.1 40.00 NOTE
r-oldrel-windows-x86_64 0.1.1 10.00 69.00 79.00 NOTE

Check Details

Version: 0.1.1
Check: LazyData
Result: NOTE 'LazyData' is specified without a 'data' directory Flavors: r-devel-linux-x86_64-debian-clang, r-devel-linux-x86_64-debian-gcc, r-devel-linux-x86_64-fedora-clang, r-devel-linux-x86_64-fedora-gcc, r-devel-windows-x86_64, r-patched-linux-x86_64, r-release-linux-x86_64, r-release-macos-arm64, r-release-windows-x86_64, r-oldrel-macos-arm64, r-oldrel-macos-x86_64, r-oldrel-windows-x86_64