Last updated on 2024-03-28 15:50:00 CET.
Flavor | Version | Tinstall | Tcheck | Ttotal | Status | Flags |
---|---|---|---|---|---|---|
r-devel-linux-x86_64-debian-clang | 0.1.1 | 7.54 | 55.72 | 63.26 | NOTE | |
r-devel-linux-x86_64-debian-gcc | 0.1.1 | 5.58 | 42.53 | 48.11 | NOTE | |
r-devel-linux-x86_64-fedora-clang | 0.1.1 | 77.54 | NOTE | |||
r-devel-linux-x86_64-fedora-gcc | 0.1.1 | 73.97 | NOTE | |||
r-devel-windows-x86_64 | 0.1.1 | 6.00 | 59.00 | 65.00 | NOTE | |
r-patched-linux-x86_64 | 0.1.1 | 6.16 | 52.50 | 58.66 | NOTE | |
r-release-linux-x86_64 | 0.1.1 | 5.08 | 51.64 | 56.72 | NOTE | |
r-release-macos-arm64 | 0.1.1 | 25.00 | NOTE | |||
r-release-macos-x86_64 | 0.1.1 | 40.00 | NOTE | |||
r-release-windows-x86_64 | 0.1.1 | 10.00 | 69.00 | 79.00 | NOTE | |
r-oldrel-macos-arm64 | 0.1.1 | 25.00 | NOTE | |||
r-oldrel-windows-x86_64 | 0.1.1 | 9.00 | 72.00 | 81.00 | NOTE |
Version: 0.1.1
Check: LazyData
Result: NOTE
'LazyData' is specified without a 'data' directory
Flavors: r-devel-linux-x86_64-debian-clang, r-devel-linux-x86_64-debian-gcc, r-devel-linux-x86_64-fedora-clang, r-devel-linux-x86_64-fedora-gcc, r-devel-windows-x86_64, r-patched-linux-x86_64, r-release-linux-x86_64, r-release-macos-arm64, r-release-macos-x86_64, r-release-windows-x86_64, r-oldrel-macos-arm64, r-oldrel-windows-x86_64