CRAN Package Check Results for Package ruta

Last updated on 2021-10-23 00:49:08 CEST.

Flavor Version Tinstall Tcheck Ttotal Status Flags
r-devel-linux-x86_64-debian-clang 1.1.0 5.26 43.07 48.33 NOTE
r-devel-linux-x86_64-debian-gcc 1.1.0 4.78 33.72 38.50 NOTE
r-devel-linux-x86_64-fedora-clang 1.1.0 70.01 NOTE
r-devel-linux-x86_64-fedora-gcc 1.1.0 60.21 NOTE
r-devel-windows-x86_64 1.1.0 10.00 52.00 62.00 NOTE
r-devel-windows-x86_64-gcc10-UCRT 1.1.0 NOTE
r-patched-linux-x86_64 1.1.0 6.78 43.45 50.23 NOTE
r-patched-solaris-x86 1.1.0 84.60 NOTE
r-release-linux-x86_64 1.1.0 6.73 42.19 48.92 NOTE
r-release-macos-arm64 1.1.0 NOTE
r-release-macos-x86_64 1.1.0 NOTE
r-release-windows-ix86+x86_64 1.1.0 8.00 65.00 73.00 NOTE
r-oldrel-macos-x86_64 1.1.0 OK
r-oldrel-windows-ix86+x86_64 1.1.0 12.00 67.00 79.00 OK

Check Details

Version: 1.1.0
Check: LazyData
Result: NOTE
     'LazyData' is specified without a 'data' directory
Flavors: r-devel-linux-x86_64-debian-clang, r-devel-linux-x86_64-debian-gcc, r-devel-linux-x86_64-fedora-clang, r-devel-linux-x86_64-fedora-gcc, r-devel-windows-x86_64, r-devel-windows-x86_64-gcc10-UCRT, r-patched-linux-x86_64, r-patched-solaris-x86, r-release-linux-x86_64, r-release-macos-arm64, r-release-macos-x86_64, r-release-windows-ix86+x86_64