CRAN Package Check Results for Package rutifier

Last updated on 2021-12-02 00:49:23 CET.

Flavor Version Tinstall Tcheck Ttotal Status Flags
r-devel-linux-x86_64-debian-clang 1.0.4 1.81 20.38 22.19 NOTE
r-devel-linux-x86_64-debian-gcc 1.0.4 1.52 17.03 18.55 NOTE
r-devel-linux-x86_64-fedora-clang 1.0.4 38.57 NOTE
r-devel-linux-x86_64-fedora-gcc 1.0.4 27.74 NOTE
r-devel-windows-x86_64-new-UL 1.0.4 6.00 61.00 67.00 NOTE
r-devel-windows-x86_64-new-TK 1.0.4 NOTE
r-devel-windows-x86_64-old 1.0.4 4.00 30.00 34.00 NOTE
r-patched-linux-x86_64 1.0.4 2.00 20.22 22.22 NOTE
r-patched-solaris-x86 1.0.4 44.80 NOTE
r-release-linux-x86_64 1.0.4 1.89 20.45 22.34 NOTE
r-release-macos-arm64 1.0.4 NOTE
r-release-macos-x86_64 1.0.4 NOTE
r-release-windows-ix86+x86_64 1.0.4 6.00 39.00 45.00 NOTE
r-oldrel-macos-x86_64 1.0.4 OK
r-oldrel-windows-ix86+x86_64 1.0.4 5.00 38.00 43.00 OK

Check Details

Version: 1.0.4
Check: LazyData
Result: NOTE
     'LazyData' is specified without a 'data' directory
Flavors: r-devel-linux-x86_64-debian-clang, r-devel-linux-x86_64-debian-gcc, r-devel-linux-x86_64-fedora-clang, r-devel-linux-x86_64-fedora-gcc, r-devel-windows-x86_64-new-UL, r-devel-windows-x86_64-new-TK, r-devel-windows-x86_64-old, r-patched-linux-x86_64, r-patched-solaris-x86, r-release-linux-x86_64, r-release-macos-arm64, r-release-macos-x86_64, r-release-windows-ix86+x86_64