Last updated on 2023-02-04 01:54:33 CET.
Flavor | Version | Tinstall | Tcheck | Ttotal | Status | Flags |
---|---|---|---|---|---|---|
r-devel-linux-x86_64-debian-clang | 0.6.2.1.3 | 167.11 | 81.80 | 248.91 | NOTE | |
r-devel-linux-x86_64-debian-gcc | 0.6.2.1.3 | 134.36 | 62.93 | 197.29 | NOTE | |
r-devel-linux-x86_64-fedora-clang | 0.6.2.1.3 | 291.32 | NOTE | |||
r-devel-linux-x86_64-fedora-gcc | 0.6.2.1.3 | 321.88 | NOTE | |||
r-devel-windows-x86_64 | 0.6.2.1.3 | 261.00 | 160.00 | 421.00 | NOTE | |
r-patched-linux-x86_64 | 0.6.2.1.3 | 149.10 | 79.26 | 228.36 | OK | |
r-release-linux-x86_64 | 0.6.2.1.3 | 158.82 | 78.37 | 237.19 | OK | |
r-release-macos-arm64 | 0.6.2.1.3 | 102.00 | NOTE | |||
r-release-macos-x86_64 | 0.6.2.1.3 | 113.00 | NOTE | |||
r-release-windows-x86_64 | 0.6.2.1.3 | 444.00 | 152.00 | 596.00 | NOTE | |
r-oldrel-macos-arm64 | 0.6.2.1.3 | 101.00 | NOTE | |||
r-oldrel-macos-x86_64 | 0.6.2.1.3 | 115.00 | NOTE | |||
r-oldrel-windows-ix86+x86_64 | 0.6.2.1.3 | 320.00 | 193.00 | 513.00 | NOTE |
Version: 0.6.2.1.3
Check: C++ specification
Result: NOTE
Specified C++11: please update to current default of C++17
Flavors: r-devel-linux-x86_64-debian-clang, r-devel-linux-x86_64-debian-gcc, r-devel-linux-x86_64-fedora-clang, r-devel-linux-x86_64-fedora-gcc, r-devel-windows-x86_64
Version: 0.6.2.1.3
Check: installed package size
Result: NOTE
installed size is 10.5Mb
sub-directories of 1Mb or more:
include 5.0Mb
libs 5.1Mb
Flavors: r-devel-linux-x86_64-fedora-clang, r-devel-windows-x86_64, r-release-macos-arm64, r-release-macos-x86_64, r-release-windows-x86_64, r-oldrel-macos-arm64, r-oldrel-macos-x86_64, r-oldrel-windows-ix86+x86_64
Version: 0.6.2.1.3
Check: Rd cross-references
Result: NOTE
Undeclared package ‘wdm’ in Rd xrefs
Flavor: r-devel-linux-x86_64-fedora-clang