Last updated on 2023-06-05 09:54:12 CEST.
Flavor | Version | Tinstall | Tcheck | Ttotal | Status | Flags |
---|---|---|---|---|---|---|
r-devel-linux-x86_64-debian-clang | 0.6.3.1.1 | 158.18 | 79.89 | 238.07 | OK | |
r-devel-linux-x86_64-debian-gcc | 0.6.3.1.1 | 137.01 | 64.32 | 201.33 | OK | |
r-devel-linux-x86_64-fedora-clang | 0.6.3.1.1 | 309.16 | NOTE | |||
r-devel-linux-x86_64-fedora-gcc | 0.6.3.1.1 | 344.71 | OK | |||
r-devel-windows-x86_64 | 0.6.3.1.1 | 111.00 | 125.00 | 236.00 | NOTE | |
r-patched-linux-x86_64 | 0.6.3.1.1 | 162.46 | 82.85 | 245.31 | OK | |
r-release-linux-x86_64 | 0.6.3.1.1 | 151.94 | 83.31 | 235.25 | OK | |
r-release-macos-arm64 | 0.6.3.1.1 | 101.00 | NOTE | |||
r-release-macos-x86_64 | 0.6.3.1.1 | 154.00 | NOTE | |||
r-release-windows-x86_64 | 0.6.3.1.1 | 140.00 | 147.00 | 287.00 | NOTE | |
r-oldrel-macos-arm64 | 0.6.3.1.1 | 81.00 | NOTE | |||
r-oldrel-macos-x86_64 | 0.6.3.1.1 | 113.00 | NOTE | |||
r-oldrel-windows-x86_64 | 0.6.3.1.1 | 135.00 | 139.00 | 274.00 | NOTE |
Version: 0.6.3.1.1
Check: installed package size
Result: NOTE
installed size is 10.5Mb
sub-directories of 1Mb or more:
include 5.0Mb
libs 5.0Mb
Flavors: r-devel-linux-x86_64-fedora-clang, r-devel-windows-x86_64, r-release-macos-arm64, r-release-macos-x86_64, r-release-windows-x86_64, r-oldrel-macos-arm64, r-oldrel-macos-x86_64, r-oldrel-windows-x86_64
Version: 0.6.3.1.1
Check: Rd cross-references
Result: NOTE
Undeclared package ‘wdm’ in Rd xrefs
Flavor: r-devel-linux-x86_64-fedora-clang