CRAN Package Check Results for Package rwfec

Last updated on 2024-06-18 16:50:02 CEST.

Flavor Version Tinstall Tcheck Ttotal Status Flags
r-devel-linux-x86_64-debian-clang 0.2 30.23 26.92 57.15 NOTE
r-devel-linux-x86_64-debian-gcc 0.2 17.13 20.68 37.81 NOTE
r-devel-linux-x86_64-fedora-clang 0.2 78.29 NOTE
r-devel-linux-x86_64-fedora-gcc 0.2 74.32 NOTE
r-devel-windows-x86_64 0.2 23.00 59.00 82.00 NOTE
r-patched-linux-x86_64 0.2 24.36 25.30 49.66 NOTE
r-release-linux-x86_64 0.2 23.62 25.13 48.75 NOTE
r-release-macos-arm64 0.2 22.00 NOTE
r-release-macos-x86_64 0.2 29.00 NOTE
r-release-windows-x86_64 0.2 21.00 62.00 83.00 NOTE
r-oldrel-macos-arm64 0.2 23.00 NOTE
r-oldrel-macos-x86_64 0.2 35.00 NOTE
r-oldrel-windows-x86_64 0.2 22.00 67.00 89.00 NOTE

Check Details

Version: 0.2
Check: LazyData
Result: NOTE 'LazyData' is specified without a 'data' directory Flavors: r-devel-linux-x86_64-debian-clang, r-devel-linux-x86_64-debian-gcc, r-devel-linux-x86_64-fedora-clang, r-devel-linux-x86_64-fedora-gcc, r-devel-windows-x86_64, r-patched-linux-x86_64, r-release-linux-x86_64, r-release-macos-arm64, r-release-macos-x86_64, r-release-windows-x86_64, r-oldrel-macos-arm64, r-oldrel-macos-x86_64, r-oldrel-windows-x86_64

Version: 0.2
Check: compiled code
Result: NOTE File ‘rwfec/libs/rwfec.so’: Found no calls to: ‘R_registerRoutines’, ‘R_useDynamicSymbols’ It is good practice to register native routines and to disable symbol search. See ‘Writing portable packages’ in the ‘Writing R Extensions’ manual. Flavors: r-devel-linux-x86_64-fedora-clang, r-devel-linux-x86_64-fedora-gcc